{"id":11152,"date":"2026-04-08T16:04:07","date_gmt":"2026-04-08T16:04:07","guid":{"rendered":"https:\/\/www.icomos.ch\/?page_id=11152"},"modified":"2026-04-08T16:04:08","modified_gmt":"2026-04-08T16:04:08","slug":"publikationen-als-mitherausgeberin","status":"publish","type":"page","link":"https:\/\/www.icomos.ch\/fr\/publications\/publikationen-als-mitherausgeberin\/","title":{"rendered":"Publikationen als Mitherausgeberin"},"content":{"rendered":"\n<div class=\"wp-block-cover is-light\"><img loading=\"lazy\" decoding=\"async\" width=\"640\" height=\"960\" class=\"wp-block-cover__image-background wp-image-1055 size-large\" alt=\"\" src=\"https:\/\/www.icomos.ch\/wp-content\/uploads\/2016\/04\/packshot-schuber-front-offen-neu2-640x960.jpg\" data-object-fit=\"cover\" srcset=\"https:\/\/www.icomos.ch\/wp-content\/uploads\/2016\/04\/packshot-schuber-front-offen-neu2-640x960.jpg 640w, https:\/\/www.icomos.ch\/wp-content\/uploads\/2016\/04\/packshot-schuber-front-offen-neu2-427x640.jpg 427w, https:\/\/www.icomos.ch\/wp-content\/uploads\/2016\/04\/packshot-schuber-front-offen-neu2.jpg 2041w\" sizes=\"auto, (max-width: 640px) 100vw, 640px\" \/><span aria-hidden=\"true\" class=\"wp-block-cover__background has-background-dim-0 has-background-dim\"><\/span><div class=\"wp-block-cover__inner-container is-layout-constrained wp-block-cover-is-layout-constrained\">\n<h1 class=\"wp-block-heading has-text-align-center has-white-color has-text-color has-link-color wp-elements-e4fa94a2fd7c568fef5c485efd842976\">Publikationen als Mitherausgeberin<\/h1>\n<\/div><\/div>\n\n\n\n<div class=\"wp-block-group is-layout-constrained wp-block-group-is-layout-constrained\">\n<ul class=\"wp-block-list publications-categories\">\n<li><a href=\"https:\/\/www.icomos.ch\/fr\/publications\/\" data-type=\"page\" data-id=\"562\">ICOMOS Publikationen<\/a><\/li>\n\n\n\n<li><a href=\"https:\/\/www.icomos.ch\/fr\/publications\/monumenta\/\" data-type=\"page\" data-id=\"10796\">Monumenta<\/a><\/li>\n\n\n\n<li><a href=\"https:\/\/www.icomos.ch\/fr\/publications\/publikationen-als-mitherausgeberin\/\" data-type=\"page\" data-id=\"10797\">Publikationen als Mitherausgeberin<\/a><\/li>\n\n\n\n<li><a href=\"https:\/\/www.icomos.ch\/it\/?page_id=11134\" data-type=\"page\" data-id=\"10798\">Publikationen der ICOMOS-Arbeitsgruppen<\/a><\/li>\n\n\n\n<li><a href=\"https:\/\/www.icomos.ch\/it\/?page_id=11135\" data-type=\"page\" data-id=\"10799\">Sonstige \/ \u00c4ltere Publikationen<\/a><\/li>\n<\/ul>\n\n\n\n<div class=\"wp-block-query post-list-small is-layout-flow wp-block-query-is-layout-flow\">\n\n<ul class=\"columns-3 wp-block-post-template is-layout-grid wp-container-core-post-template-is-layout-6d3fbd8f wp-block-post-template-is-layout-grid\"><li class=\"wp-block-post post-9629 post type-post status-publish format-standard hentry category-publications-dicomos category-publications-en-tant-que-co-editeur\">\n\n<div class=\"wp-block-group is-layout-flow wp-block-group-is-layout-flow\" style=\"margin-top:0;margin-bottom:3rem;padding-top:0px;padding-right:0px;padding-bottom:0rem;padding-left:0px\"><figure style=\"aspect-ratio:1;\" class=\"wp-block-post-featured-image\"><a href=\"https:\/\/www.icomos.ch\/fr\/weltkulturguter-warum-wieviel-wozu-quel-patrimoine-culturel-mondial-pour-qui-et-comment\/\" target=\"_self\"  ><img loading=\"lazy\" decoding=\"async\" width=\"640\" height=\"640\" src=\"https:\/\/www.icomos.ch\/wp-content\/uploads\/ICOMOS-Placeholder.jpg\" class=\"attachment-medium size-medium wp-post-image\" alt=\"\" style=\"width:100%;height:100%;object-fit:cover; opacity: 0.5\" srcset=\"https:\/\/www.icomos.ch\/wp-content\/uploads\/ICOMOS-Placeholder.jpg 427w, https:\/\/www.icomos.ch\/wp-content\/uploads\/ICOMOS-Placeholder.jpg 640w, https:\/\/www.icomos.ch\/wp-content\/uploads\/ICOMOS-Placeholder.jpg 2041w\" sizes=\"auto, (max-width: 640px) 100vw, 640px\"><\/a><\/figure>\n\n<h3 class=\"wp-block-post-title\"><a href=\"https:\/\/www.icomos.ch\/fr\/weltkulturguter-warum-wieviel-wozu-quel-patrimoine-culturel-mondial-pour-qui-et-comment\/\" target=\"_self\" >Weltkulturg\u00fcter. Warum? Wieviel? Wozu? Quel patrimoine culturel mondial. Pour qui et comment?<\/a><\/h3>\n\n<a class=\"wp-block-read-more\" href=\"https:\/\/www.icomos.ch\/fr\/weltkulturguter-warum-wieviel-wozu-quel-patrimoine-culturel-mondial-pour-qui-et-comment\/\" target=\"_self\">Read more<span class=\"screen-reader-text\">: Weltkulturg\u00fcter. Warum? Wieviel? Wozu? Quel patrimoine culturel mondial. Pour qui et comment?<\/span><\/a><\/div>\n\n<\/li><li class=\"wp-block-post post-9625 post type-post status-publish format-standard hentry category-publications-dicomos category-publications-en-tant-que-co-editeur\">\n\n<div class=\"wp-block-group is-layout-flow wp-block-group-is-layout-flow\" style=\"margin-top:0;margin-bottom:3rem;padding-top:0px;padding-right:0px;padding-bottom:0rem;padding-left:0px\"><figure style=\"aspect-ratio:1;\" class=\"wp-block-post-featured-image\"><a href=\"https:\/\/www.icomos.ch\/fr\/netzwerk-kulturlandschaft-auch-eine-aufgabe-fur-archaologie-und-denkmalpflege\/\" target=\"_self\"  ><img loading=\"lazy\" decoding=\"async\" width=\"640\" height=\"640\" src=\"https:\/\/www.icomos.ch\/wp-content\/uploads\/ICOMOS-Placeholder.jpg\" class=\"attachment-medium size-medium wp-post-image\" alt=\"\" style=\"width:100%;height:100%;object-fit:cover; opacity: 0.5\" srcset=\"https:\/\/www.icomos.ch\/wp-content\/uploads\/ICOMOS-Placeholder.jpg 427w, https:\/\/www.icomos.ch\/wp-content\/uploads\/ICOMOS-Placeholder.jpg 640w, https:\/\/www.icomos.ch\/wp-content\/uploads\/ICOMOS-Placeholder.jpg 2041w\" sizes=\"auto, (max-width: 640px) 100vw, 640px\"><\/a><\/figure>\n\n<h3 class=\"wp-block-post-title\"><a href=\"https:\/\/www.icomos.ch\/fr\/netzwerk-kulturlandschaft-auch-eine-aufgabe-fur-archaologie-und-denkmalpflege\/\" target=\"_self\" >Netzwerk Kulturlandschaft. Auch eine Aufgabe f\u00fcr Arch\u00e4ologie und Denkmalpflege<\/a><\/h3>\n\n<a class=\"wp-block-read-more\" href=\"https:\/\/www.icomos.ch\/fr\/netzwerk-kulturlandschaft-auch-eine-aufgabe-fur-archaologie-und-denkmalpflege\/\" target=\"_self\">Read more<span class=\"screen-reader-text\">: Netzwerk Kulturlandschaft. Auch eine Aufgabe f\u00fcr Arch\u00e4ologie und Denkmalpflege<\/span><\/a><\/div>\n\n<\/li><li class=\"wp-block-post post-9623 post type-post status-publish format-standard hentry category-publications-dicomos category-publications-en-tant-que-co-editeur\">\n\n<div class=\"wp-block-group is-layout-flow wp-block-group-is-layout-flow\" style=\"margin-top:0;margin-bottom:3rem;padding-top:0px;padding-right:0px;padding-bottom:0rem;padding-left:0px\"><figure style=\"aspect-ratio:1;\" class=\"wp-block-post-featured-image\"><a href=\"https:\/\/www.icomos.ch\/fr\/kulturgut-in-bewegung-uber-ortsgebundenheit-und-ortswechsel\/\" target=\"_self\"  ><img loading=\"lazy\" decoding=\"async\" width=\"640\" height=\"640\" src=\"https:\/\/www.icomos.ch\/wp-content\/uploads\/ICOMOS-Placeholder.jpg\" class=\"attachment-medium size-medium wp-post-image\" alt=\"\" style=\"width:100%;height:100%;object-fit:cover; opacity: 0.5\" srcset=\"https:\/\/www.icomos.ch\/wp-content\/uploads\/ICOMOS-Placeholder.jpg 427w, https:\/\/www.icomos.ch\/wp-content\/uploads\/ICOMOS-Placeholder.jpg 640w, https:\/\/www.icomos.ch\/wp-content\/uploads\/ICOMOS-Placeholder.jpg 2041w\" sizes=\"auto, (max-width: 640px) 100vw, 640px\"><\/a><\/figure>\n\n<h3 class=\"wp-block-post-title\"><a href=\"https:\/\/www.icomos.ch\/fr\/kulturgut-in-bewegung-uber-ortsgebundenheit-und-ortswechsel\/\" target=\"_self\" >Kulturgut in Bewegung \u2013 \u00dcber Ortsgebundenheit und Ortswechsel<\/a><\/h3>\n\n<a class=\"wp-block-read-more\" href=\"https:\/\/www.icomos.ch\/fr\/kulturgut-in-bewegung-uber-ortsgebundenheit-und-ortswechsel\/\" target=\"_self\">Read more<span class=\"screen-reader-text\">: Kulturgut in Bewegung \u2013 \u00dcber Ortsgebundenheit und Ortswechsel<\/span><\/a><\/div>\n\n<\/li><li class=\"wp-block-post post-9618 post type-post status-publish format-standard has-post-thumbnail hentry category-publications-dicomos category-publications-en-tant-que-co-editeur\">\n\n<div class=\"wp-block-group is-layout-flow wp-block-group-is-layout-flow\" style=\"margin-top:0;margin-bottom:3rem;padding-top:0px;padding-right:0px;padding-bottom:0rem;padding-left:0px\"><figure style=\"aspect-ratio:1;\" class=\"wp-block-post-featured-image\"><a href=\"https:\/\/www.icomos.ch\/fr\/leitfaden-fur-behorden-und-fachleute-gartendenkmaler-in-der-planung\/\" target=\"_self\"  ><img loading=\"lazy\" decoding=\"async\" width=\"453\" height=\"640\" src=\"https:\/\/www.icomos.ch\/wp-content\/uploads\/Gartendenkmaeler_Cover-453x640.jpg\" class=\"attachment-medium size-medium wp-post-image\" alt=\"Leitfaden f\u00fcr Beh\u00f6rden und Fachleute &#8211; Gartendenkm\u00e4ler in der Planung\" style=\"width:100%;height:100%;object-fit:cover;\" srcset=\"https:\/\/www.icomos.ch\/wp-content\/uploads\/Gartendenkmaeler_Cover-453x640.jpg 453w, https:\/\/www.icomos.ch\/wp-content\/uploads\/Gartendenkmaeler_Cover.jpg 595w\" sizes=\"auto, (max-width: 453px) 100vw, 453px\" \/><\/a><\/figure>\n\n<h3 class=\"wp-block-post-title\"><a href=\"https:\/\/www.icomos.ch\/fr\/leitfaden-fur-behorden-und-fachleute-gartendenkmaler-in-der-planung\/\" target=\"_self\" >Leitfaden f\u00fcr Beh\u00f6rden und Fachleute &#8211; Gartendenkm\u00e4ler in der Planung<\/a><\/h3>\n\n<a class=\"wp-block-read-more\" href=\"https:\/\/www.icomos.ch\/fr\/leitfaden-fur-behorden-und-fachleute-gartendenkmaler-in-der-planung\/\" target=\"_self\">Read more<span class=\"screen-reader-text\">: Leitfaden f\u00fcr Beh\u00f6rden und Fachleute &#8211; Gartendenkm\u00e4ler in der Planung<\/span><\/a><\/div>\n\n<\/li><li class=\"wp-block-post post-9611 post type-post status-publish format-standard has-post-thumbnail hentry category-publications-en-tant-que-co-editeur\">\n\n<div class=\"wp-block-group is-layout-flow wp-block-group-is-layout-flow\" style=\"margin-top:0;margin-bottom:3rem;padding-top:0px;padding-right:0px;padding-bottom:0rem;padding-left:0px\"><figure style=\"aspect-ratio:1;\" class=\"wp-block-post-featured-image\"><a href=\"https:\/\/www.icomos.ch\/fr\/heritage-at-risk-special-edition\/\" target=\"_self\"  ><img loading=\"lazy\" decoding=\"async\" width=\"453\" height=\"640\" src=\"https:\/\/www.icomos.ch\/wp-content\/uploads\/ICUCH_2020_B2_komprimiert-1-verschoben-453x640.jpg\" class=\"attachment-medium size-medium wp-post-image\" alt=\"Heritage at Risk (Special Edition)\" style=\"width:100%;height:100%;object-fit:cover;\" srcset=\"https:\/\/www.icomos.ch\/wp-content\/uploads\/ICUCH_2020_B2_komprimiert-1-verschoben-453x640.jpg 453w, https:\/\/www.icomos.ch\/wp-content\/uploads\/ICUCH_2020_B2_komprimiert-1-verschoben.jpg 595w\" sizes=\"auto, (max-width: 453px) 100vw, 453px\" \/><\/a><\/figure>\n\n<h3 class=\"wp-block-post-title\"><a href=\"https:\/\/www.icomos.ch\/fr\/heritage-at-risk-special-edition\/\" target=\"_self\" >Heritage at Risk (Special Edition)<\/a><\/h3>\n\n<a class=\"wp-block-read-more\" href=\"https:\/\/www.icomos.ch\/fr\/heritage-at-risk-special-edition\/\" target=\"_self\">Read more<span class=\"screen-reader-text\">: Heritage at Risk (Special Edition)<\/span><\/a><\/div>\n\n<\/li><\/ul>\n\n<\/div>\n<\/div>\n","protected":false},"excerpt":{"rendered":"","protected":false},"author":1,"featured_media":4228,"parent":893,"menu_order":5,"comment_status":"closed","ping_status":"closed","template":"","meta":{"footnotes":""},"class_list":["post-11152","page","type-page","status-publish","has-post-thumbnail","hentry"],"_links":{"self":[{"href":"https:\/\/www.icomos.ch\/fr\/wp-json\/wp\/v2\/pages\/11152","targetHints":{"allow":["GET"]}}],"collection":[{"href":"https:\/\/www.icomos.ch\/fr\/wp-json\/wp\/v2\/pages"}],"about":[{"href":"https:\/\/www.icomos.ch\/fr\/wp-json\/wp\/v2\/types\/page"}],"author":[{"embeddable":true,"href":"https:\/\/www.icomos.ch\/fr\/wp-json\/wp\/v2\/users\/1"}],"replies":[{"embeddable":true,"href":"https:\/\/www.icomos.ch\/fr\/wp-json\/wp\/v2\/comments?post=11152"}],"version-history":[{"count":1,"href":"https:\/\/www.icomos.ch\/fr\/wp-json\/wp\/v2\/pages\/11152\/revisions"}],"predecessor-version":[{"id":11156,"href":"https:\/\/www.icomos.ch\/fr\/wp-json\/wp\/v2\/pages\/11152\/revisions\/11156"}],"up":[{"embeddable":true,"href":"https:\/\/www.icomos.ch\/fr\/wp-json\/wp\/v2\/pages\/893"}],"wp:featuredmedia":[{"embeddable":true,"href":"https:\/\/www.icomos.ch\/fr\/wp-json\/wp\/v2\/media\/4228"}],"wp:attachment":[{"href":"https:\/\/www.icomos.ch\/fr\/wp-json\/wp\/v2\/media?parent=11152"}],"curies":[{"name":"wp","href":"https:\/\/api.w.org\/{rel}","templated":true}]}}

<div class="wp-block-cover is-light"><img loading="lazy" decoding="async" width="640" height="960" class="wp-block-cover__image-background wp-image-1055 size-large" alt="" src="https://www.icomos.ch/wp-content/uploads/2016/04/packshot-schuber-front-offen-neu2-640x960.jpg" data-object-fit="cover" srcset="https://www.icomos.ch/wp-content/uploads/2016/04/packshot-schuber-front-offen-neu2-640x960.jpg 640w, https://www.icomos.ch/wp-content/uploads/2016/04/packshot-schuber-front-offen-neu2-427x640.jpg 427w, https://www.icomos.ch/wp-content/uploads/2016/04/packshot-schuber-front-offen-neu2.jpg 2041w" sizes="auto, (max-width: 640px) 100vw, 640px" /><span aria-hidden="true" class="wp-block-cover__background has-background-dim-0 has-background-dim"></span><div class="wp-block-cover__inner-container is-layout-constrained wp-block-cover-is-layout-constrained">
<h1 class="wp-block-heading has-text-align-center has-white-color has-text-color has-link-color wp-elements-e4fa94a2fd7c568fef5c485efd842976">Publikationen als Mitherausgeberin</h1>
</div></div>



<div class="wp-block-group is-layout-constrained wp-block-group-is-layout-constrained">
<ul class="wp-block-list publications-categories">
<li><a href="https://www.icomos.ch/fr/publications/" data-type="page" data-id="562">ICOMOS Publikationen</a></li>



<li><a href="https://www.icomos.ch/fr/publications/monumenta/" data-type="page" data-id="10796">Monumenta</a></li>



<li><a href="https://www.icomos.ch/fr/publications/publikationen-als-mitherausgeberin/" data-type="page" data-id="10797">Publikationen als Mitherausgeberin</a></li>



<li><a href="https://www.icomos.ch/it/?page_id=11134" data-type="page" data-id="10798">Publikationen der ICOMOS-Arbeitsgruppen</a></li>



<li><a href="https://www.icomos.ch/it/?page_id=11135" data-type="page" data-id="10799">Sonstige / Ältere Publikationen</a></li>
</ul>



<div class="wp-block-query post-list-small is-layout-flow wp-block-query-is-layout-flow">

<ul class="columns-3 wp-block-post-template is-layout-grid wp-container-core-post-template-is-layout-6d3fbd8f wp-block-post-template-is-layout-grid"><li class="wp-block-post post-9629 post type-post status-publish format-standard hentry category-publications-dicomos category-publications-en-tant-que-co-editeur">

<div class="wp-block-group is-layout-flow wp-block-group-is-layout-flow" style="margin-top:0;margin-bottom:3rem;padding-top:0px;padding-right:0px;padding-bottom:0rem;padding-left:0px"><figure style="aspect-ratio:1;" class="wp-block-post-featured-image"><a href="https://www.icomos.ch/fr/weltkulturguter-warum-wieviel-wozu-quel-patrimoine-culturel-mondial-pour-qui-et-comment/" target="_self"  ><img loading="lazy" decoding="async" width="640" height="640" src="https://www.icomos.ch/wp-content/uploads/ICOMOS-Placeholder.jpg" class="attachment-medium size-medium wp-post-image" alt="" style="width:100%;height:100%;object-fit:cover; opacity: 0.5" srcset="https://www.icomos.ch/wp-content/uploads/ICOMOS-Placeholder.jpg 427w, https://www.icomos.ch/wp-content/uploads/ICOMOS-Placeholder.jpg 640w, https://www.icomos.ch/wp-content/uploads/ICOMOS-Placeholder.jpg 2041w" sizes="auto, (max-width: 640px) 100vw, 640px"></a></figure>

<h3 class="wp-block-post-title"><a href="https://www.icomos.ch/fr/weltkulturguter-warum-wieviel-wozu-quel-patrimoine-culturel-mondial-pour-qui-et-comment/" target="_self" >Weltkulturgüter. Warum? Wieviel? Wozu? Quel patrimoine culturel mondial. Pour qui et comment?</a></h3>

<a class="wp-block-read-more" href="https://www.icomos.ch/fr/weltkulturguter-warum-wieviel-wozu-quel-patrimoine-culturel-mondial-pour-qui-et-comment/" target="_self">Read more<span class="screen-reader-text">: Weltkulturgüter. Warum? Wieviel? Wozu? Quel patrimoine culturel mondial. Pour qui et comment?</span></a></div>

</li><li class="wp-block-post post-9625 post type-post status-publish format-standard hentry category-publications-dicomos category-publications-en-tant-que-co-editeur">

<div class="wp-block-group is-layout-flow wp-block-group-is-layout-flow" style="margin-top:0;margin-bottom:3rem;padding-top:0px;padding-right:0px;padding-bottom:0rem;padding-left:0px"><figure style="aspect-ratio:1;" class="wp-block-post-featured-image"><a href="https://www.icomos.ch/fr/netzwerk-kulturlandschaft-auch-eine-aufgabe-fur-archaologie-und-denkmalpflege/" target="_self"  ><img loading="lazy" decoding="async" width="640" height="640" src="https://www.icomos.ch/wp-content/uploads/ICOMOS-Placeholder.jpg" class="attachment-medium size-medium wp-post-image" alt="" style="width:100%;height:100%;object-fit:cover; opacity: 0.5" srcset="https://www.icomos.ch/wp-content/uploads/ICOMOS-Placeholder.jpg 427w, https://www.icomos.ch/wp-content/uploads/ICOMOS-Placeholder.jpg 640w, https://www.icomos.ch/wp-content/uploads/ICOMOS-Placeholder.jpg 2041w" sizes="auto, (max-width: 640px) 100vw, 640px"></a></figure>

<h3 class="wp-block-post-title"><a href="https://www.icomos.ch/fr/netzwerk-kulturlandschaft-auch-eine-aufgabe-fur-archaologie-und-denkmalpflege/" target="_self" >Netzwerk Kulturlandschaft. Auch eine Aufgabe für Archäologie und Denkmalpflege</a></h3>

<a class="wp-block-read-more" href="https://www.icomos.ch/fr/netzwerk-kulturlandschaft-auch-eine-aufgabe-fur-archaologie-und-denkmalpflege/" target="_self">Read more<span class="screen-reader-text">: Netzwerk Kulturlandschaft. Auch eine Aufgabe für Archäologie und Denkmalpflege</span></a></div>

</li><li class="wp-block-post post-9623 post type-post status-publish format-standard hentry category-publications-dicomos category-publications-en-tant-que-co-editeur">

<div class="wp-block-group is-layout-flow wp-block-group-is-layout-flow" style="margin-top:0;margin-bottom:3rem;padding-top:0px;padding-right:0px;padding-bottom:0rem;padding-left:0px"><figure style="aspect-ratio:1;" class="wp-block-post-featured-image"><a href="https://www.icomos.ch/fr/kulturgut-in-bewegung-uber-ortsgebundenheit-und-ortswechsel/" target="_self"  ><img loading="lazy" decoding="async" width="640" height="640" src="https://www.icomos.ch/wp-content/uploads/ICOMOS-Placeholder.jpg" class="attachment-medium size-medium wp-post-image" alt="" style="width:100%;height:100%;object-fit:cover; opacity: 0.5" srcset="https://www.icomos.ch/wp-content/uploads/ICOMOS-Placeholder.jpg 427w, https://www.icomos.ch/wp-content/uploads/ICOMOS-Placeholder.jpg 640w, https://www.icomos.ch/wp-content/uploads/ICOMOS-Placeholder.jpg 2041w" sizes="auto, (max-width: 640px) 100vw, 640px"></a></figure>

<h3 class="wp-block-post-title"><a href="https://www.icomos.ch/fr/kulturgut-in-bewegung-uber-ortsgebundenheit-und-ortswechsel/" target="_self" >Kulturgut in Bewegung – Über Ortsgebundenheit und Ortswechsel</a></h3>

<a class="wp-block-read-more" href="https://www.icomos.ch/fr/kulturgut-in-bewegung-uber-ortsgebundenheit-und-ortswechsel/" target="_self">Read more<span class="screen-reader-text">: Kulturgut in Bewegung – Über Ortsgebundenheit und Ortswechsel</span></a></div>

</li><li class="wp-block-post post-9618 post type-post status-publish format-standard has-post-thumbnail hentry category-publications-dicomos category-publications-en-tant-que-co-editeur">

<div class="wp-block-group is-layout-flow wp-block-group-is-layout-flow" style="margin-top:0;margin-bottom:3rem;padding-top:0px;padding-right:0px;padding-bottom:0rem;padding-left:0px"><figure style="aspect-ratio:1;" class="wp-block-post-featured-image"><a href="https://www.icomos.ch/fr/leitfaden-fur-behorden-und-fachleute-gartendenkmaler-in-der-planung/" target="_self"  ><img loading="lazy" decoding="async" width="453" height="640" src="https://www.icomos.ch/wp-content/uploads/Gartendenkmaeler_Cover-453x640.jpg" class="attachment-medium size-medium wp-post-image" alt="Leitfaden für Behörden und Fachleute &#8211; Gartendenkmäler in der Planung" style="width:100%;height:100%;object-fit:cover;" srcset="https://www.icomos.ch/wp-content/uploads/Gartendenkmaeler_Cover-453x640.jpg 453w, https://www.icomos.ch/wp-content/uploads/Gartendenkmaeler_Cover.jpg 595w" sizes="auto, (max-width: 453px) 100vw, 453px" /></a></figure>

<h3 class="wp-block-post-title"><a href="https://www.icomos.ch/fr/leitfaden-fur-behorden-und-fachleute-gartendenkmaler-in-der-planung/" target="_self" >Leitfaden für Behörden und Fachleute &#8211; Gartendenkmäler in der Planung</a></h3>

<a class="wp-block-read-more" href="https://www.icomos.ch/fr/leitfaden-fur-behorden-und-fachleute-gartendenkmaler-in-der-planung/" target="_self">Read more<span class="screen-reader-text">: Leitfaden für Behörden und Fachleute &#8211; Gartendenkmäler in der Planung</span></a></div>

</li><li class="wp-block-post post-9611 post type-post status-publish format-standard has-post-thumbnail hentry category-publications-en-tant-que-co-editeur">

<div class="wp-block-group is-layout-flow wp-block-group-is-layout-flow" style="margin-top:0;margin-bottom:3rem;padding-top:0px;padding-right:0px;padding-bottom:0rem;padding-left:0px"><figure style="aspect-ratio:1;" class="wp-block-post-featured-image"><a href="https://www.icomos.ch/fr/heritage-at-risk-special-edition/" target="_self"  ><img loading="lazy" decoding="async" width="453" height="640" src="https://www.icomos.ch/wp-content/uploads/ICUCH_2020_B2_komprimiert-1-verschoben-453x640.jpg" class="attachment-medium size-medium wp-post-image" alt="Heritage at Risk (Special Edition)" style="width:100%;height:100%;object-fit:cover;" srcset="https://www.icomos.ch/wp-content/uploads/ICUCH_2020_B2_komprimiert-1-verschoben-453x640.jpg 453w, https://www.icomos.ch/wp-content/uploads/ICUCH_2020_B2_komprimiert-1-verschoben.jpg 595w" sizes="auto, (max-width: 453px) 100vw, 453px" /></a></figure>

<h3 class="wp-block-post-title"><a href="https://www.icomos.ch/fr/heritage-at-risk-special-edition/" target="_self" >Heritage at Risk (Special Edition)</a></h3>

<a class="wp-block-read-more" href="https://www.icomos.ch/fr/heritage-at-risk-special-edition/" target="_self">Read more<span class="screen-reader-text">: Heritage at Risk (Special Edition)</span></a></div>

</li></ul>

</div>
</div>
