{"id":11153,"date":"2026-04-08T16:04:10","date_gmt":"2026-04-08T16:04:10","guid":{"rendered":"https:\/\/www.icomos.ch\/?page_id=11153"},"modified":"2026-04-08T16:04:10","modified_gmt":"2026-04-08T16:04:10","slug":"monumenta","status":"publish","type":"page","link":"https:\/\/www.icomos.ch\/fr\/publications\/monumenta\/","title":{"rendered":"Monumenta"},"content":{"rendered":"\n<div class=\"wp-block-cover is-light\"><img loading=\"lazy\" decoding=\"async\" width=\"640\" height=\"960\" class=\"wp-block-cover__image-background wp-image-1055 size-large\" alt=\"\" src=\"https:\/\/www.icomos.ch\/wp-content\/uploads\/2016\/04\/packshot-schuber-front-offen-neu2-640x960.jpg\" data-object-fit=\"cover\" srcset=\"https:\/\/www.icomos.ch\/wp-content\/uploads\/2016\/04\/packshot-schuber-front-offen-neu2-640x960.jpg 640w, https:\/\/www.icomos.ch\/wp-content\/uploads\/2016\/04\/packshot-schuber-front-offen-neu2-427x640.jpg 427w, https:\/\/www.icomos.ch\/wp-content\/uploads\/2016\/04\/packshot-schuber-front-offen-neu2.jpg 2041w\" sizes=\"auto, (max-width: 640px) 100vw, 640px\" \/><span aria-hidden=\"true\" class=\"wp-block-cover__background has-background-dim-0 has-background-dim\"><\/span><div class=\"wp-block-cover__inner-container is-layout-constrained wp-block-cover-is-layout-constrained\">\n<h1 class=\"wp-block-heading has-text-align-center has-white-color has-text-color has-link-color wp-elements-13af1e2419c2dff63a1543470efdb143\">Monumenta<\/h1>\n<\/div><\/div>\n\n\n\n<div class=\"wp-block-group is-layout-constrained wp-block-group-is-layout-constrained\">\n<ul class=\"wp-block-list publications-categories\">\n<li><a href=\"https:\/\/www.icomos.ch\/fr\/publications\/\" data-type=\"page\" data-id=\"562\">ICOMOS Publikationen<\/a><\/li>\n\n\n\n<li><a href=\"https:\/\/www.icomos.ch\/fr\/publications\/monumenta\/\" data-type=\"page\" data-id=\"10796\">Monumenta<\/a><\/li>\n\n\n\n<li><a href=\"https:\/\/www.icomos.ch\/it\/?page_id=11133\" data-type=\"page\" data-id=\"10797\">Publikationen als Mitherausgeberin<\/a><\/li>\n\n\n\n<li><a href=\"https:\/\/www.icomos.ch\/it\/?page_id=11134\" data-type=\"page\" data-id=\"10798\">Publikationen der ICOMOS-Arbeitsgruppen<\/a><\/li>\n\n\n\n<li><a href=\"https:\/\/www.icomos.ch\/it\/?page_id=11135\" data-type=\"page\" data-id=\"10799\">Sonstige \/ \u00c4ltere Publikationen<\/a><\/li>\n<\/ul>\n\n\n\n<div class=\"wp-block-query post-list-small is-layout-flow wp-block-query-is-layout-flow\">\n\n<ul class=\"columns-3 wp-block-post-template is-layout-grid wp-container-core-post-template-is-layout-6d3fbd8f wp-block-post-template-is-layout-grid\"><li class=\"wp-block-post post-9624 post type-post status-publish format-standard has-post-thumbnail hentry category-monumenta category-publications-dicomos\">\n\n<div class=\"wp-block-group is-layout-flow wp-block-group-is-layout-flow\" style=\"margin-top:0;margin-bottom:3rem;padding-top:0px;padding-right:0px;padding-bottom:0rem;padding-left:0px\"><figure style=\"aspect-ratio:1;\" class=\"wp-block-post-featured-image\"><a href=\"https:\/\/www.icomos.ch\/fr\/monumenta-i-internationale-grundsatze-und-richtlinien-der-denkmalpflege\/\" target=\"_self\"  ><img loading=\"lazy\" decoding=\"async\" width=\"453\" height=\"640\" src=\"https:\/\/www.icomos.ch\/wp-content\/uploads\/Monumenta_I_Cover-453x640.jpg\" class=\"attachment-medium size-medium wp-post-image\" alt=\"Monumenta I: Internationale Grunds\u00e4tze und Richtlinien der Denkmalpflege\" style=\"width:100%;height:100%;object-fit:cover;\" srcset=\"https:\/\/www.icomos.ch\/wp-content\/uploads\/Monumenta_I_Cover-453x640.jpg 453w, https:\/\/www.icomos.ch\/wp-content\/uploads\/Monumenta_I_Cover.jpg 595w\" sizes=\"auto, (max-width: 453px) 100vw, 453px\" \/><\/a><\/figure>\n\n<h3 class=\"wp-block-post-title\"><a href=\"https:\/\/www.icomos.ch\/fr\/monumenta-i-internationale-grundsatze-und-richtlinien-der-denkmalpflege\/\" target=\"_self\" >Monumenta I: Internationale Grunds\u00e4tze und Richtlinien der Denkmalpflege<\/a><\/h3>\n\n<a class=\"wp-block-read-more\" href=\"https:\/\/www.icomos.ch\/fr\/monumenta-i-internationale-grundsatze-und-richtlinien-der-denkmalpflege\/\" target=\"_self\">Read more<span class=\"screen-reader-text\">: Monumenta I: Internationale Grunds\u00e4tze und Richtlinien der Denkmalpflege<\/span><\/a><\/div>\n\n<\/li><li class=\"wp-block-post post-9614 post type-post status-publish format-standard has-post-thumbnail hentry category-monumenta category-publications-dicomos\">\n\n<div class=\"wp-block-group is-layout-flow wp-block-group-is-layout-flow\" style=\"margin-top:0;margin-bottom:3rem;padding-top:0px;padding-right:0px;padding-bottom:0rem;padding-left:0px\"><figure style=\"aspect-ratio:1;\" class=\"wp-block-post-featured-image\"><a href=\"https:\/\/www.icomos.ch\/fr\/monumenta-iii-eine-zukunft-fur-unsere-vergangenheit-zum-40-jubilaum-des-europaischen-denkmalschutzjahres-1975-2015\/\" target=\"_self\"  ><img loading=\"lazy\" decoding=\"async\" width=\"451\" height=\"640\" src=\"https:\/\/www.icomos.ch\/wp-content\/uploads\/Monumenta_III-_Cover-451x640.jpg\" class=\"attachment-medium size-medium wp-post-image\" alt=\"Monumenta III: Eine Zukunft f\u00fcr unsere Vergangenheit. Zum 40. Jubil\u00e4um des Europ\u00e4ischen Denkmalschutzjahres (1975\u20132015).\" style=\"width:100%;height:100%;object-fit:cover;\" srcset=\"https:\/\/www.icomos.ch\/wp-content\/uploads\/Monumenta_III-_Cover-451x640.jpg 451w, https:\/\/www.icomos.ch\/wp-content\/uploads\/Monumenta_III-_Cover.jpg 479w\" sizes=\"auto, (max-width: 451px) 100vw, 451px\" \/><\/a><\/figure>\n\n<h3 class=\"wp-block-post-title\"><a href=\"https:\/\/www.icomos.ch\/fr\/monumenta-iii-eine-zukunft-fur-unsere-vergangenheit-zum-40-jubilaum-des-europaischen-denkmalschutzjahres-1975-2015\/\" target=\"_self\" >Monumenta III: Eine Zukunft f\u00fcr unsere Vergangenheit. Zum 40. Jubil\u00e4um des Europ\u00e4ischen Denkmalschutzjahres (1975\u20132015).<\/a><\/h3>\n\n<a class=\"wp-block-read-more\" href=\"https:\/\/www.icomos.ch\/fr\/monumenta-iii-eine-zukunft-fur-unsere-vergangenheit-zum-40-jubilaum-des-europaischen-denkmalschutzjahres-1975-2015\/\" target=\"_self\">Read more<span class=\"screen-reader-text\">: Monumenta III: Eine Zukunft f\u00fcr unsere Vergangenheit. Zum 40. Jubil\u00e4um des Europ\u00e4ischen Denkmalschutzjahres (1975\u20132015).<\/span><\/a><\/div>\n\n<\/li><\/ul>\n\n<\/div>\n<\/div>\n","protected":false},"excerpt":{"rendered":"","protected":false},"author":1,"featured_media":4228,"parent":893,"menu_order":5,"comment_status":"closed","ping_status":"closed","template":"","meta":{"footnotes":""},"class_list":["post-11153","page","type-page","status-publish","has-post-thumbnail","hentry"],"_links":{"self":[{"href":"https:\/\/www.icomos.ch\/fr\/wp-json\/wp\/v2\/pages\/11153","targetHints":{"allow":["GET"]}}],"collection":[{"href":"https:\/\/www.icomos.ch\/fr\/wp-json\/wp\/v2\/pages"}],"about":[{"href":"https:\/\/www.icomos.ch\/fr\/wp-json\/wp\/v2\/types\/page"}],"author":[{"embeddable":true,"href":"https:\/\/www.icomos.ch\/fr\/wp-json\/wp\/v2\/users\/1"}],"replies":[{"embeddable":true,"href":"https:\/\/www.icomos.ch\/fr\/wp-json\/wp\/v2\/comments?post=11153"}],"version-history":[{"count":1,"href":"https:\/\/www.icomos.ch\/fr\/wp-json\/wp\/v2\/pages\/11153\/revisions"}],"predecessor-version":[{"id":11157,"href":"https:\/\/www.icomos.ch\/fr\/wp-json\/wp\/v2\/pages\/11153\/revisions\/11157"}],"up":[{"embeddable":true,"href":"https:\/\/www.icomos.ch\/fr\/wp-json\/wp\/v2\/pages\/893"}],"wp:featuredmedia":[{"embeddable":true,"href":"https:\/\/www.icomos.ch\/fr\/wp-json\/wp\/v2\/media\/4228"}],"wp:attachment":[{"href":"https:\/\/www.icomos.ch\/fr\/wp-json\/wp\/v2\/media?parent=11153"}],"curies":[{"name":"wp","href":"https:\/\/api.w.org\/{rel}","templated":true}]}}

<div class="wp-block-cover is-light"><img loading="lazy" decoding="async" width="640" height="960" class="wp-block-cover__image-background wp-image-1055 size-large" alt="" src="https://www.icomos.ch/wp-content/uploads/2016/04/packshot-schuber-front-offen-neu2-640x960.jpg" data-object-fit="cover" srcset="https://www.icomos.ch/wp-content/uploads/2016/04/packshot-schuber-front-offen-neu2-640x960.jpg 640w, https://www.icomos.ch/wp-content/uploads/2016/04/packshot-schuber-front-offen-neu2-427x640.jpg 427w, https://www.icomos.ch/wp-content/uploads/2016/04/packshot-schuber-front-offen-neu2.jpg 2041w" sizes="auto, (max-width: 640px) 100vw, 640px" /><span aria-hidden="true" class="wp-block-cover__background has-background-dim-0 has-background-dim"></span><div class="wp-block-cover__inner-container is-layout-constrained wp-block-cover-is-layout-constrained">
<h1 class="wp-block-heading has-text-align-center has-white-color has-text-color has-link-color wp-elements-13af1e2419c2dff63a1543470efdb143">Monumenta</h1>
</div></div>



<div class="wp-block-group is-layout-constrained wp-block-group-is-layout-constrained">
<ul class="wp-block-list publications-categories">
<li><a href="https://www.icomos.ch/fr/publications/" data-type="page" data-id="562">ICOMOS Publikationen</a></li>



<li><a href="https://www.icomos.ch/fr/publications/monumenta/" data-type="page" data-id="10796">Monumenta</a></li>



<li><a href="https://www.icomos.ch/it/?page_id=11133" data-type="page" data-id="10797">Publikationen als Mitherausgeberin</a></li>



<li><a href="https://www.icomos.ch/it/?page_id=11134" data-type="page" data-id="10798">Publikationen der ICOMOS-Arbeitsgruppen</a></li>



<li><a href="https://www.icomos.ch/it/?page_id=11135" data-type="page" data-id="10799">Sonstige / Ältere Publikationen</a></li>
</ul>



<div class="wp-block-query post-list-small is-layout-flow wp-block-query-is-layout-flow">

<ul class="columns-3 wp-block-post-template is-layout-grid wp-container-core-post-template-is-layout-6d3fbd8f wp-block-post-template-is-layout-grid"><li class="wp-block-post post-9624 post type-post status-publish format-standard has-post-thumbnail hentry category-monumenta category-publications-dicomos">

<div class="wp-block-group is-layout-flow wp-block-group-is-layout-flow" style="margin-top:0;margin-bottom:3rem;padding-top:0px;padding-right:0px;padding-bottom:0rem;padding-left:0px"><figure style="aspect-ratio:1;" class="wp-block-post-featured-image"><a href="https://www.icomos.ch/fr/monumenta-i-internationale-grundsatze-und-richtlinien-der-denkmalpflege/" target="_self"  ><img loading="lazy" decoding="async" width="453" height="640" src="https://www.icomos.ch/wp-content/uploads/Monumenta_I_Cover-453x640.jpg" class="attachment-medium size-medium wp-post-image" alt="Monumenta I: Internationale Grundsätze und Richtlinien der Denkmalpflege" style="width:100%;height:100%;object-fit:cover;" srcset="https://www.icomos.ch/wp-content/uploads/Monumenta_I_Cover-453x640.jpg 453w, https://www.icomos.ch/wp-content/uploads/Monumenta_I_Cover.jpg 595w" sizes="auto, (max-width: 453px) 100vw, 453px" /></a></figure>

<h3 class="wp-block-post-title"><a href="https://www.icomos.ch/fr/monumenta-i-internationale-grundsatze-und-richtlinien-der-denkmalpflege/" target="_self" >Monumenta I: Internationale Grundsätze und Richtlinien der Denkmalpflege</a></h3>

<a class="wp-block-read-more" href="https://www.icomos.ch/fr/monumenta-i-internationale-grundsatze-und-richtlinien-der-denkmalpflege/" target="_self">Read more<span class="screen-reader-text">: Monumenta I: Internationale Grundsätze und Richtlinien der Denkmalpflege</span></a></div>

</li><li class="wp-block-post post-9614 post type-post status-publish format-standard has-post-thumbnail hentry category-monumenta category-publications-dicomos">

<div class="wp-block-group is-layout-flow wp-block-group-is-layout-flow" style="margin-top:0;margin-bottom:3rem;padding-top:0px;padding-right:0px;padding-bottom:0rem;padding-left:0px"><figure style="aspect-ratio:1;" class="wp-block-post-featured-image"><a href="https://www.icomos.ch/fr/monumenta-iii-eine-zukunft-fur-unsere-vergangenheit-zum-40-jubilaum-des-europaischen-denkmalschutzjahres-1975-2015/" target="_self"  ><img loading="lazy" decoding="async" width="451" height="640" src="https://www.icomos.ch/wp-content/uploads/Monumenta_III-_Cover-451x640.jpg" class="attachment-medium size-medium wp-post-image" alt="Monumenta III: Eine Zukunft für unsere Vergangenheit. Zum 40. Jubiläum des Europäischen Denkmalschutzjahres (1975–2015)." style="width:100%;height:100%;object-fit:cover;" srcset="https://www.icomos.ch/wp-content/uploads/Monumenta_III-_Cover-451x640.jpg 451w, https://www.icomos.ch/wp-content/uploads/Monumenta_III-_Cover.jpg 479w" sizes="auto, (max-width: 451px) 100vw, 451px" /></a></figure>

<h3 class="wp-block-post-title"><a href="https://www.icomos.ch/fr/monumenta-iii-eine-zukunft-fur-unsere-vergangenheit-zum-40-jubilaum-des-europaischen-denkmalschutzjahres-1975-2015/" target="_self" >Monumenta III: Eine Zukunft für unsere Vergangenheit. Zum 40. Jubiläum des Europäischen Denkmalschutzjahres (1975–2015).</a></h3>

<a class="wp-block-read-more" href="https://www.icomos.ch/fr/monumenta-iii-eine-zukunft-fur-unsere-vergangenheit-zum-40-jubilaum-des-europaischen-denkmalschutzjahres-1975-2015/" target="_self">Read more<span class="screen-reader-text">: Monumenta III: Eine Zukunft für unsere Vergangenheit. Zum 40. Jubiläum des Europäischen Denkmalschutzjahres (1975–2015).</span></a></div>

</li></ul>

</div>
</div>
