{"id":262,"date":"2016-03-16T09:49:33","date_gmt":"2016-03-16T09:49:33","guid":{"rendered":"https:\/\/www.icomos.ch\/fr\/workinggroup\/system-serie\/"},"modified":"2025-06-05T08:24:10","modified_gmt":"2025-06-05T08:24:10","slug":"system-serie","status":"publish","type":"workinggroup","link":"https:\/\/www.icomos.ch\/fr\/workinggroup\/system-serie\/","title":{"rendered":"Syst\u00e8me &amp; S\u00e9ries"},"content":{"rendered":"\n<h2 class=\"wp-block-heading\">en g\u00e9n\u00e9ral<\/h2>\n\n\n\n<div class=\"wp-block-columns is-layout-flex wp-container-core-columns-is-layout-28f84493 wp-block-columns-is-layout-flex\">\n<div class=\"wp-block-column is-layout-flow wp-block-column-is-layout-flow\">\n<p>Le site web du groupe de travail et du projet de recherche \u00ab&nbsp;syst\u00e8me &amp; s\u00e9ries&nbsp;\u00bb&nbsp;<strong>: <a href=\"http:\/\/www.system-serie.ch\">www.system-serie.ch<\/a><\/strong><br><strong><br><\/strong>Le groupe de travail \u00ab&nbsp;syst\u00e8me &amp; s\u00e9ries&nbsp;\u00bb<strong><br><\/strong>De 2016 \u00e0 2023, le groupe de travail a r\u00e9alis\u00e9 \u2013 sous le titre \u00ab Der Schweizer Systembau zwischen Sozialutopie, Nutzungsdruck und Denkmalpflege&nbsp;\u00bb (Les syst\u00e8mes de construction suisses entre utopie sociale, pression immobili\u00e8re et conservation du patrimoine) \u2013 un projet de recherche interdisciplinaire et pratique \u00e0 large \u00e9chelle sur les syst\u00e8mes de construction en Suisse.<\/p>\n\n\n\n<p>Recherche \u2013 conservation \u2013 transmission<br>L&#8217;accent a \u00e9t\u00e9 mis sur le recensement syst\u00e9matique des syst\u00e8mes de construction en Suisse et des constructions modulaires qui en font partie. En outre, le groupe de travail s&#8217;est pench\u00e9 sur les questions de r\u00e9parabilit\u00e9, de remise en \u00e9tat et d\u2019am\u00e9lioration \u00e9nerg\u00e9tique des constructions et \u00e9l\u00e9ments de construction fabriqu\u00e9s en s\u00e9rie. En 2022 est parue la publication \u00ab System &amp; Serie. Systembau in der Schweiz \u2013 Geschichte und Erhaltung \u00bb aux \u00e9ditions gta \u00e0 Zurich, qui rend accessibles \u00e0 un large public les r\u00e9sultats obtenus \u00e0 la fin du projet et apporte une contribution importante \u00e0 la conservation du patrimoine des syst\u00e8mes de construction de l&#8217;apr\u00e8s-guerre. Une base de donn\u00e9es sur les syst\u00e8mes de construction en Suisse est en <a href=\"http:\/\/www.systemserie.arch.ethz.ch\" data-type=\"link\" data-id=\"http:\/\/www.systemserie.arch.ethz.ch\">ligne<\/a> depuis mai 2025. Une collection de mat\u00e9riel sur la construction modulaire en Suisse peut \u00eatre consult\u00e9e aupr\u00e8s de la chaire \u00ab Konstruktionserbe und Denkmalpflege \u00bb (Prof. Dr. Silke Langenberg) \u00e0 l&#8217;ETH Zurich.<\/p>\n<\/div>\n<\/div>\n\n\n\n<h2 class=\"wp-block-heading\">informations<\/h2>\n\n\n\n<p>Pour en savoir plus sur le projet de recherche La construction modulaire suisse entre utopie sociale, pression de l&#8217;usage et conservation du patrimoine (2016-2023), consultez le site web du groupe de travail: <a href=\"http:\/\/www.system-serie.ch\">cliquez ici<\/a><\/p>\n\n\n\n<div class=\"wp-block-columns is-layout-flex wp-container-core-columns-is-layout-28f84493 wp-block-columns-is-layout-flex\">\n<div class=\"wp-block-column is-layout-flow wp-block-column-is-layout-flow\"><\/div>\n\n\n\n<div class=\"wp-block-column is-layout-flow wp-block-column-is-layout-flow\"><\/div>\n<\/div>\n\n\n\n<p><\/p>\n","protected":false},"excerpt":{"rendered":"<p>en g\u00e9n\u00e9ral Le site web du groupe de travail et du projet de recherche \u00ab&nbsp;syst\u00e8me &amp; s\u00e9ries&nbsp;\u00bb&nbsp;: www.system-serie.chLe groupe de travail \u00ab&nbsp;syst\u00e8me &amp; s\u00e9ries&nbsp;\u00bbDe 2016 \u00e0 2023, le groupe de travail a r\u00e9alis\u00e9 \u2013 sous le titre \u00ab Der Schweizer Systembau zwischen Sozialutopie, Nutzungsdruck und Denkmalpflege&nbsp;\u00bb (Les syst\u00e8mes de construction suisses entre utopie sociale, pression [&hellip;]<\/p>\n","protected":false},"author":12,"featured_media":2538,"parent":0,"menu_order":13,"comment_status":"open","ping_status":"closed","template":"","meta":{"footnotes":""},"tags":[],"class_list":["post-262","workinggroup","type-workinggroup","status-publish","has-post-thumbnail","hentry","workinggroup_category-ci-devant"],"_links":{"self":[{"href":"https:\/\/www.icomos.ch\/fr\/wp-json\/wp\/v2\/workinggroup\/262","targetHints":{"allow":["GET"]}}],"collection":[{"href":"https:\/\/www.icomos.ch\/fr\/wp-json\/wp\/v2\/workinggroup"}],"about":[{"href":"https:\/\/www.icomos.ch\/fr\/wp-json\/wp\/v2\/types\/workinggroup"}],"author":[{"embeddable":true,"href":"https:\/\/www.icomos.ch\/fr\/wp-json\/wp\/v2\/users\/12"}],"replies":[{"embeddable":true,"href":"https:\/\/www.icomos.ch\/fr\/wp-json\/wp\/v2\/comments?post=262"}],"version-history":[{"count":7,"href":"https:\/\/www.icomos.ch\/fr\/wp-json\/wp\/v2\/workinggroup\/262\/revisions"}],"predecessor-version":[{"id":9130,"href":"https:\/\/www.icomos.ch\/fr\/wp-json\/wp\/v2\/workinggroup\/262\/revisions\/9130"}],"wp:featuredmedia":[{"embeddable":true,"href":"https:\/\/www.icomos.ch\/fr\/wp-json\/wp\/v2\/media\/2538"}],"wp:attachment":[{"href":"https:\/\/www.icomos.ch\/fr\/wp-json\/wp\/v2\/media?parent=262"}],"wp:term":[{"taxonomy":"post_tag","embeddable":true,"href":"https:\/\/www.icomos.ch\/fr\/wp-json\/wp\/v2\/tags?post=262"}],"curies":[{"name":"wp","href":"https:\/\/api.w.org\/{rel}","templated":true}]}}

Système &amp; Séries

<h2 class="wp-block-heading">en général</h2>



<div class="wp-block-columns is-layout-flex wp-container-core-columns-is-layout-28f84493 wp-block-columns-is-layout-flex">
<div class="wp-block-column is-layout-flow wp-block-column-is-layout-flow">
<p>Le site web du groupe de travail et du projet de recherche «&nbsp;système &amp; séries&nbsp;»&nbsp;<strong>: <a href="http://www.system-serie.ch">www.system-serie.ch</a></strong><br><strong><br></strong>Le groupe de travail «&nbsp;système &amp; séries&nbsp;»<strong><br></strong>De 2016 à 2023, le groupe de travail a réalisé – sous le titre « Der Schweizer Systembau zwischen Sozialutopie, Nutzungsdruck und Denkmalpflege&nbsp;» (Les systèmes de construction suisses entre utopie sociale, pression immobilière et conservation du patrimoine) – un projet de recherche interdisciplinaire et pratique à large échelle sur les systèmes de construction en Suisse.</p>



<p>Recherche – conservation – transmission<br>L&#8217;accent a été mis sur le recensement systématique des systèmes de construction en Suisse et des constructions modulaires qui en font partie. En outre, le groupe de travail s&#8217;est penché sur les questions de réparabilité, de remise en état et d’amélioration énergétique des constructions et éléments de construction fabriqués en série. En 2022 est parue la publication « System &amp; Serie. Systembau in der Schweiz – Geschichte und Erhaltung » aux éditions gta à Zurich, qui rend accessibles à un large public les résultats obtenus à la fin du projet et apporte une contribution importante à la conservation du patrimoine des systèmes de construction de l&#8217;après-guerre. Une base de données sur les systèmes de construction en Suisse est en <a href="http://www.systemserie.arch.ethz.ch" data-type="link" data-id="http://www.systemserie.arch.ethz.ch">ligne</a> depuis mai 2025. Une collection de matériel sur la construction modulaire en Suisse peut être consultée auprès de la chaire « Konstruktionserbe und Denkmalpflege » (Prof. Dr. Silke Langenberg) à l&#8217;ETH Zurich.</p>
</div>
</div>



<h2 class="wp-block-heading">informations</h2>



<p>Pour en savoir plus sur le projet de recherche La construction modulaire suisse entre utopie sociale, pression de l&#8217;usage et conservation du patrimoine (2016-2023), consultez le site web du groupe de travail: <a href="http://www.system-serie.ch">cliquez ici</a></p>



<div class="wp-block-columns is-layout-flex wp-container-core-columns-is-layout-28f84493 wp-block-columns-is-layout-flex">
<div class="wp-block-column is-layout-flow wp-block-column-is-layout-flow"></div>



<div class="wp-block-column is-layout-flow wp-block-column-is-layout-flow"></div>
</div>



<p></p>

<p>en général Le site web du groupe de travail et du projet de recherche «&nbsp;système &amp; séries&nbsp;»&nbsp;: www.system-serie.chLe groupe de travail «&nbsp;système &amp; séries&nbsp;»De 2016 à 2023, le groupe de travail a réalisé – sous le titre « Der Schweizer Systembau zwischen Sozialutopie, Nutzungsdruck und Denkmalpflege&nbsp;» (Les systèmes de construction suisses entre utopie sociale, pression [&hellip;]</p>
