{"id":11127,"date":"2026-04-08T16:02:20","date_gmt":"2026-04-08T16:02:20","guid":{"rendered":"https:\/\/www.icomos.ch\/?page_id=11127"},"modified":"2026-04-08T16:02:21","modified_gmt":"2026-04-08T16:02:21","slug":"unsere-geschichte","status":"publish","type":"page","link":"https:\/\/www.icomos.ch\/it\/organizzazione\/unsere-geschichte\/","title":{"rendered":"Unsere Geschichte"},"content":{"rendered":"\n<div class=\"wp-block-group is-layout-constrained wp-block-group-is-layout-constrained\">\n<div class=\"wp-block-columns is-layout-flex wp-container-core-columns-is-layout-28f84493 wp-block-columns-is-layout-flex\">\n<div class=\"wp-block-column is-layout-flow wp-block-column-is-layout-flow\">\n<p><strong>1965<\/strong>, 25. M\u00e4rz: Erste konstituierende Sitzung in Bern, Bernerhof, zu Gast beim Sekret\u00e4r der UNESCO-Kommission<\/p>\n<\/div>\n\n\n\n<div class=\"wp-block-column is-layout-flow wp-block-column-is-layout-flow\">\n<p>Vorbereitung auf die Gr\u00fcndung von ICOMOS International; Als Pr\u00e4sident wird Prof. Alfred A. Schmid gew\u00e4hlt. Er soll die Schweiz an der internationalen Tagung des ICOMOS im April in Rom und im Juni <strong>1965<\/strong> im Warschau vertreten.<\/p>\n<\/div>\n\n\n\n<div class=\"wp-block-column is-layout-flow wp-block-column-is-layout-flow\">\n<p><strong>1965<\/strong>, 3. Juni: Zweites Treffen in Z\u00fcrich: Eine Schweizer Delegation f\u00fcr Warschau wird bestimmt<\/p>\n<\/div>\n\n\n\n<div class=\"wp-block-column is-layout-flow wp-block-column-is-layout-flow\">\n<p><strong>1965<\/strong>, 21.-22. Juni, Warschau: Gr\u00fcndung von ICOMOS International.<\/p>\n<\/div>\n\n\n\n<div class=\"wp-block-column is-layout-flow wp-block-column-is-layout-flow\">\n<p><strong>1966<\/strong>, 15. September, Chur: konstituierende Sitzung von ICOMOS Suisse, 1. Mitgliederversammlung, die ersten Statuten werden angenommen.<\/p>\n<\/div>\n\n\n\n<div class=\"wp-block-column is-layout-flow wp-block-column-is-layout-flow\">\n<p><strong>Statuten<\/strong><br><strong>1966<\/strong> Erste Fassung. Statuten\u00e4nderungen finden statt: 1978, 1993, 2009, 2014, 2023<\/p>\n<\/div>\n<\/div>\n<\/div>\n\n\n\n<div class=\"wp-block-group has-grey-95-background-color has-background is-layout-constrained wp-block-group-is-layout-constrained\">\n<h2 class=\"wp-block-heading\">Vorstand- und Ehrenmitglieder<\/h2>\n\n\n\n<div class=\"wp-block-columns is-layout-flex wp-container-core-columns-is-layout-28f84493 wp-block-columns-is-layout-flex\">\n<div class=\"wp-block-column is-layout-flow wp-block-column-is-layout-flow\">\n<h3 class=\"wp-block-heading\">Pr\u00e4sidentInnen<\/h3>\n\n\n\n<p>1966 &#8211; 1970: Alfred A. Schmid <br>1970 &#8211; 1979: Fritz Lauber <br>1979 &#8211; 1984: Karl Keller <br>1984 &#8211; 1991: Claude Jaccottet <br>1991 &#8211; 2000: Hans Rutishauser <br>2000 &#8211; 2008: Daniel Gutscher <br>2008 &#8211; 2015: Eduard M\u00fcller <br>2015 &#8211; 2024: Niklaus Ledergerber<br>2024 &#8211;          Sabine Nemec-Piguet<\/p>\n\n\n\n<p><a href=\"https:\/\/www.icomos.ch\/wp-content\/uploads\/20260406-ICS-Vorstandsmitglieder.pdf\">Tabelle Vorstandsmitglieder seit 1967<\/a><\/p>\n<\/div>\n\n\n\n<div class=\"wp-block-column is-layout-flow wp-block-column-is-layout-flow\">\n<h3 class=\"wp-block-heading\">Ehrenmitglieder (national\/international)<\/h3>\n\n\n\n<p>1987 wird Alfred A. Schmid zum ersten und bis einzigen Honorary Member von ICOMOS International gew\u00e4hlt<\/p>\n\n\n\n<p>1990, 30. M\u00e4rz: Mitgliederversammlung in Fribourg: Alfred A. Schmid wird zum Ehrenmitglied ernannt <\/p>\n\n\n\n<p>1991, 22. M\u00e4rz: Mitgliederversammlung in Bern: Claude Jaccottet wird zum Ehrenmitglied ernannt &nbsp;<\/p>\n<\/div>\n\n\n\n<div class=\"wp-block-column is-layout-flow wp-block-column-is-layout-flow\">\n<h3 class=\"wp-block-heading\">Nachrufe<\/h3>\n\n\n<ul class=\"wp-block-latest-posts__list wp-block-latest-posts\"><li><a class=\"wp-block-latest-posts__post-title\" href=\"https:\/\/www.icomos.ch\/it\/necrologie\/\">N\u00e9crologie<\/a><\/li>\n<li><a class=\"wp-block-latest-posts__post-title\" href=\"https:\/\/www.icomos.ch\/it\/in-memoriam-dr-juerg-ganz-f\/\">IN MEMORIAM DR. J\u00dcRG GANZ (f)<\/a><\/li>\n<\/ul><\/div>\n<\/div>\n<\/div>\n\n\n\n<div class=\"wp-block-group is-layout-constrained wp-block-group-is-layout-constrained\">\n<h2 class=\"wp-block-heading\">Aktivit\u00e4ten von ICOMOS Suisse<\/h2>\n\n\n\n<div class=\"wp-block-columns is-layout-flex wp-container-core-columns-is-layout-28f84493 wp-block-columns-is-layout-flex\">\n<div class=\"wp-block-column is-layout-flow wp-block-column-is-layout-flow\">\n<h3 class=\"wp-block-heading\">Arbeitsgruppen<\/h3>\n\n\n\n<p>1993 mit der Statuten\u00e4nderung gleichzeitig Entscheid fest installierte Arbeitsgruppen einzurichten. Die Statuten\u00e4nderung von 2014 \u00e4ndert den Status der AG\u2019s. Seither sind die AG\u2019s zeitlich begrenzte (maximal 6 Jahre) Projekte. Die folgende Aufz\u00e4hlung ist vollst\u00e4ndig, mit folgendem Zusatz: Es gab um 1996 eine Zusammenarbeit mit Estland unter T\u00f6nis Kask, die es leider nicht in die Akten von ICOMOS geschafft hat. Es gab ein L\u00e4nder- Austausch, wobei die Estl\u00e4ndische Delegation an der Mitgliederversammlung 1996 in Z\u00fcrich zugegen waren.<\/p>\n\n\n\n<p><strong>1992<\/strong> Gr\u00fcndung AG <strong>Gartendenkmalpflege,<br><\/strong>Leiter: 1992 &#8211; 2001 Guido Hager; 2001 &#8211; 2011 Judith Rohrer-Amberg; 2012 &#8211; 2023 Brigitte Frei-Heitz; <br>seit 2024 &#8211; Johannes Stoffler<\/p>\n\n\n\n<p><strong>1993<\/strong> Gr\u00fcndung AG <strong>Historische Hotels und Restaurants<br><\/strong>Durch Georg Carlen, Eric Teysseire, Martin Fr\u00f6hlich, Roland Fl\u00fcckiger. Idee der Preisverleihung entstand 1995 (anl\u00e4sslich der Tagung \u201eHistorische Hotels erhalten und betreiben\u201c Luzern, Casino), erste Preisverleihung 1997 <br>Bisherige Leiter und Jurypr\u00e4sident:innen: 1996 Hans Rutishauser; 1997-2004 Roland Fl\u00fcckiger; 2005 &#8211; 2011 Peter Omachen; 2012 &#8211; 2019 Gerold Kunz, 2020-2022 Moritz Flury-Rova, seit 2023 als Co-Pr\u00e4sidium Kerstin Camenisch und Ren\u00e9 Koelliker<\/p>\n\n\n\n<p><strong>1993-2011<\/strong> AG <strong>Weiterbildung<br><\/strong>Leitung Peter Baumgartner, Marion Wohlleben, Christian Marty 2012 Neu konstituiert als Plattform Weiterbildung, zusammen mit dem Bundesamt f\u00fcr Kultur BAK, der Nationalen Informationsstelle f\u00fcr Kulturg\u00fcter NIKE und ICOMOS Suisse<\/p>\n\n\n\n<p><strong>1999-2010<\/strong> AG <strong>Restaurieren in La Habana<\/strong>, Cuba Leiter 1999 &#8211; 2010 Peter Widmer<\/p>\n\n\n\n<p><strong>2001 &#8211; 2012<\/strong> AG <strong>Historische M\u00f6bel und Int\u00e9rieurs<br><\/strong>Leiter \/ in: 2001-2010 Ulli Freyer; 2010-2012&nbsp;Manuel Kehrli <\/p>\n\n\n\n<p><strong>2002 \u2013 2014 <\/strong>AG <strong>Industriekultur<br><\/strong>Leiter 2002 &#8211; 2010: J\u00fcrg Ganz;&nbsp; 2011 &#8211; 2014: Kilian Elsasser <\/p>\n\n\n\n<p><strong>2007 <\/strong>&#8211; tbd (Gr\u00fcndung) AG<strong> Friedh\u00f6fe und Einzelmonumente<br><\/strong>Leiter: 2007 &#8211; 2014: Ivo Zemp<\/p>\n\n\n\n<p><strong>2016 <\/strong>&#8211; tbd Neue Lancierung unter dem Titel: <strong>Historische Friedh\u00f6fe<br><\/strong>Leiterin: Lambrini Koutoussaki<\/p>\n\n\n\n<p><strong>2016<\/strong> &#8211; <strong>2024<\/strong> (Gr\u00fcndung) AG <strong>System und Serie,<br><\/strong>Leiterin: Silke Langenberg<\/p>\n\n\n\n<p><strong>2023 &#8211; 2025<\/strong> AG <strong>Denkmalschutzjahr 2025 (A future for whose past?),<br><\/strong>Leiterin: Silke Langenberg<\/p>\n\n\n\n<p><strong>2025 &#8211; <\/strong> AG <strong>Kulturtourismus (Internationale Charta f\u00fcr Kulturerbe-Tourismus),<br><\/strong>Leiter: Niklaus Ledergerber<\/p>\n<\/div>\n\n\n\n<div class=\"wp-block-column is-layout-flow wp-block-column-is-layout-flow\">\n<h3 class=\"wp-block-heading\">Das Freitagskolloquium mit der ETH Z\u00fcrich<\/h3>\n\n\n\n<p><strong>Lehrstuhl f\u00fcr Denkmalpflege 1987-2006<\/strong> Als Nachfolge des sog. Kn\u00f6pfli- Kolloquiums (Prof. Dr. Alfred Kn\u00f6pfli ) am Freitag um 16.00-18.00 Uhr organisierte ICOMOS Suisse zusammen mit Prof. Dr. Georg M\u00f6rsch<\/p>\n\n\n\n<p><a href=\"https:\/\/www.icomos.ch\/wp-content\/uploads\/2017\/02\/Freitagskolloquium-Liste.pdf\">Liste Freitagskolloquien 1987-2006<\/a><\/p>\n\n\n\n<h3 class=\"wp-block-heading\">Fachtagungen<\/h3>\n\n\n\n<p>Es ist nicht m\u00f6glich, eine Liste aller Fachtagungen zu erstellen, die ICOMOS Suisse alleine oder in Zusammenarbeit mit andern Organisationen durchgef\u00fchrt hat. Im Archiv von ICOMOS Suisse ist dazu einiges zu finden.<\/p>\n\n\n\n<h3 class=\"wp-block-heading\">Veranstaltungen von ICOMOS International in der Schweiz, ICOMOS Suisse als Gastgeber<\/h3>\n\n\n\n<p><strong>1990, 6.-11. Oktober<\/strong>: findet die 9. Assembl\u00e9e G\u00e9n\u00e9rale in ICOMOS International in Lausanne statt. <\/p>\n\n\n\n<p><strong>2008, Mai:<\/strong> in Bern und Umgebung findet das Treffen der ICOMOS Europe Group statt.<\/p>\n<\/div>\n<\/div>\n<\/div>\n\n\n\n<div class=\"wp-block-group has-grey-95-background-color has-background is-layout-constrained wp-block-group-is-layout-constrained\">\n<h2 class=\"wp-block-heading\">Internationale Zusammenarbeit<\/h2>\n\n\n\n<p>Es besteht ein lockerer Zusammenschluss unter den deutschsprachigen Nationalkomitees: Deutschland, Luxembourg, \u00d6sterreich und der Schweiz. Aus dieser Kooperation entsteht 2012 die Publikationsreihe Monumenta. In unregelm\u00e4ssigen Abst\u00e4nden sollen Themen der Denkmalpflege, die f\u00fcr den deutschsprachigen Raum wichtig sind, aufgegriffen werden. So wird mit dem Monumenta Band I eine erstmalige deutsche \u00dcbersetzung aller f\u00fcr ICOMOS relevanten internationalen Grundsatzpapiere und Richtlinien zur Denkmalpflege erstellt.<\/p>\n\n\n\n<p>Die gesamte Publikationsreihe der Monumenta B\u00e4nder finden Sie hier <a href=\"https:\/\/www.icomos.de\/index.php?lang=Deutsch&amp;contentid=171&amp;navid=231\" target=\"_blank\" rel=\"noopener noreferrer\">hier<\/a> <\/p>\n\n\n\n<p>Alle National Comittees von ICOMOS Suisse finden Sie hier <a href=\"https:\/\/www.icomos.org\/en\/about-icomos\/committees\/national-committees?start=5\" target=\"_blank\" rel=\"noopener noreferrer\">hier<\/a><\/p>\n\n\n\n<p><strong>Akten<\/strong> Die gesamten Akten von ICOMOS Suisse sind im Eidg. Archiv f\u00fcr Denkmalpflege, EAD einsehbar. Die neueren Akten werden in regelm\u00e4ssigen Abst\u00e4nden dem Archiv \u00fcbergeben.<\/p>\n<\/div>\n","protected":false},"excerpt":{"rendered":"<p>1965, 25. M\u00e4rz: Erste konstituierende Sitzung in Bern, Bernerhof, zu Gast beim Sekret\u00e4r der UNESCO-Kommission Vorbereitung auf die Gr\u00fcndung von ICOMOS International; Als Pr\u00e4sident wird Prof. Alfred A. Schmid gew\u00e4hlt. Er soll die Schweiz an der internationalen Tagung des ICOMOS im April in Rom und im Juni 1965 im Warschau vertreten. 1965, 3. Juni: Zweites [&hellip;]<\/p>\n","protected":false},"author":1,"featured_media":4231,"parent":366,"menu_order":0,"comment_status":"closed","ping_status":"closed","template":"","meta":{"footnotes":""},"class_list":["post-11127","page","type-page","status-publish","has-post-thumbnail","hentry"],"_links":{"self":[{"href":"https:\/\/www.icomos.ch\/it\/wp-json\/wp\/v2\/pages\/11127","targetHints":{"allow":["GET"]}}],"collection":[{"href":"https:\/\/www.icomos.ch\/it\/wp-json\/wp\/v2\/pages"}],"about":[{"href":"https:\/\/www.icomos.ch\/it\/wp-json\/wp\/v2\/types\/page"}],"author":[{"embeddable":true,"href":"https:\/\/www.icomos.ch\/it\/wp-json\/wp\/v2\/users\/1"}],"replies":[{"embeddable":true,"href":"https:\/\/www.icomos.ch\/it\/wp-json\/wp\/v2\/comments?post=11127"}],"version-history":[{"count":1,"href":"https:\/\/www.icomos.ch\/it\/wp-json\/wp\/v2\/pages\/11127\/revisions"}],"predecessor-version":[{"id":11137,"href":"https:\/\/www.icomos.ch\/it\/wp-json\/wp\/v2\/pages\/11127\/revisions\/11137"}],"up":[{"embeddable":true,"href":"https:\/\/www.icomos.ch\/it\/wp-json\/wp\/v2\/pages\/366"}],"wp:featuredmedia":[{"embeddable":true,"href":"https:\/\/www.icomos.ch\/it\/wp-json\/wp\/v2\/media\/4231"}],"wp:attachment":[{"href":"https:\/\/www.icomos.ch\/it\/wp-json\/wp\/v2\/media?parent=11127"}],"curies":[{"name":"wp","href":"https:\/\/api.w.org\/{rel}","templated":true}]}}

<div class="wp-block-group is-layout-constrained wp-block-group-is-layout-constrained">
<div class="wp-block-columns is-layout-flex wp-container-core-columns-is-layout-28f84493 wp-block-columns-is-layout-flex">
<div class="wp-block-column is-layout-flow wp-block-column-is-layout-flow">
<p><strong>1965</strong>, 25. März: Erste konstituierende Sitzung in Bern, Bernerhof, zu Gast beim Sekretär der UNESCO-Kommission</p>
</div>



<div class="wp-block-column is-layout-flow wp-block-column-is-layout-flow">
<p>Vorbereitung auf die Gründung von ICOMOS International; Als Präsident wird Prof. Alfred A. Schmid gewählt. Er soll die Schweiz an der internationalen Tagung des ICOMOS im April in Rom und im Juni <strong>1965</strong> im Warschau vertreten.</p>
</div>



<div class="wp-block-column is-layout-flow wp-block-column-is-layout-flow">
<p><strong>1965</strong>, 3. Juni: Zweites Treffen in Zürich: Eine Schweizer Delegation für Warschau wird bestimmt</p>
</div>



<div class="wp-block-column is-layout-flow wp-block-column-is-layout-flow">
<p><strong>1965</strong>, 21.-22. Juni, Warschau: Gründung von ICOMOS International.</p>
</div>



<div class="wp-block-column is-layout-flow wp-block-column-is-layout-flow">
<p><strong>1966</strong>, 15. September, Chur: konstituierende Sitzung von ICOMOS Suisse, 1. Mitgliederversammlung, die ersten Statuten werden angenommen.</p>
</div>



<div class="wp-block-column is-layout-flow wp-block-column-is-layout-flow">
<p><strong>Statuten</strong><br><strong>1966</strong> Erste Fassung. Statutenänderungen finden statt: 1978, 1993, 2009, 2014, 2023</p>
</div>
</div>
</div>



<div class="wp-block-group has-grey-95-background-color has-background is-layout-constrained wp-block-group-is-layout-constrained">
<h2 class="wp-block-heading">Vorstand- und Ehrenmitglieder</h2>



<div class="wp-block-columns is-layout-flex wp-container-core-columns-is-layout-28f84493 wp-block-columns-is-layout-flex">
<div class="wp-block-column is-layout-flow wp-block-column-is-layout-flow">
<h3 class="wp-block-heading">PräsidentInnen</h3>



<p>1966 &#8211; 1970: Alfred A. Schmid <br>1970 &#8211; 1979: Fritz Lauber <br>1979 &#8211; 1984: Karl Keller <br>1984 &#8211; 1991: Claude Jaccottet <br>1991 &#8211; 2000: Hans Rutishauser <br>2000 &#8211; 2008: Daniel Gutscher <br>2008 &#8211; 2015: Eduard Müller <br>2015 &#8211; 2024: Niklaus Ledergerber<br>2024 &#8211;          Sabine Nemec-Piguet</p>



<p><a href="https://www.icomos.ch/wp-content/uploads/20260406-ICS-Vorstandsmitglieder.pdf">Tabelle Vorstandsmitglieder seit 1967</a></p>
</div>



<div class="wp-block-column is-layout-flow wp-block-column-is-layout-flow">
<h3 class="wp-block-heading">Ehrenmitglieder (national/international)</h3>



<p>1987 wird Alfred A. Schmid zum ersten und bis einzigen Honorary Member von ICOMOS International gewählt</p>



<p>1990, 30. März: Mitgliederversammlung in Fribourg: Alfred A. Schmid wird zum Ehrenmitglied ernannt </p>



<p>1991, 22. März: Mitgliederversammlung in Bern: Claude Jaccottet wird zum Ehrenmitglied ernannt &nbsp;</p>
</div>



<div class="wp-block-column is-layout-flow wp-block-column-is-layout-flow">
<h3 class="wp-block-heading">Nachrufe</h3>


<ul class="wp-block-latest-posts__list wp-block-latest-posts"><li><a class="wp-block-latest-posts__post-title" href="https://www.icomos.ch/it/necrologie/">Nécrologie</a></li>
<li><a class="wp-block-latest-posts__post-title" href="https://www.icomos.ch/it/in-memoriam-dr-juerg-ganz-f/">IN MEMORIAM DR. JÜRG GANZ (f)</a></li>
</ul></div>
</div>
</div>



<div class="wp-block-group is-layout-constrained wp-block-group-is-layout-constrained">
<h2 class="wp-block-heading">Aktivitäten von ICOMOS Suisse</h2>



<div class="wp-block-columns is-layout-flex wp-container-core-columns-is-layout-28f84493 wp-block-columns-is-layout-flex">
<div class="wp-block-column is-layout-flow wp-block-column-is-layout-flow">
<h3 class="wp-block-heading">Arbeitsgruppen</h3>



<p>1993 mit der Statutenänderung gleichzeitig Entscheid fest installierte Arbeitsgruppen einzurichten. Die Statutenänderung von 2014 ändert den Status der AG’s. Seither sind die AG’s zeitlich begrenzte (maximal 6 Jahre) Projekte. Die folgende Aufzählung ist vollständig, mit folgendem Zusatz: Es gab um 1996 eine Zusammenarbeit mit Estland unter Tönis Kask, die es leider nicht in die Akten von ICOMOS geschafft hat. Es gab ein Länder- Austausch, wobei die Estländische Delegation an der Mitgliederversammlung 1996 in Zürich zugegen waren.</p>



<p><strong>1992</strong> Gründung AG <strong>Gartendenkmalpflege,<br></strong>Leiter: 1992 &#8211; 2001 Guido Hager; 2001 &#8211; 2011 Judith Rohrer-Amberg; 2012 &#8211; 2023 Brigitte Frei-Heitz; <br>seit 2024 &#8211; Johannes Stoffler</p>



<p><strong>1993</strong> Gründung AG <strong>Historische Hotels und Restaurants<br></strong>Durch Georg Carlen, Eric Teysseire, Martin Fröhlich, Roland Flückiger. Idee der Preisverleihung entstand 1995 (anlässlich der Tagung „Historische Hotels erhalten und betreiben“ Luzern, Casino), erste Preisverleihung 1997 <br>Bisherige Leiter und Jurypräsident:innen: 1996 Hans Rutishauser; 1997-2004 Roland Flückiger; 2005 &#8211; 2011 Peter Omachen; 2012 &#8211; 2019 Gerold Kunz, 2020-2022 Moritz Flury-Rova, seit 2023 als Co-Präsidium Kerstin Camenisch und René Koelliker</p>



<p><strong>1993-2011</strong> AG <strong>Weiterbildung<br></strong>Leitung Peter Baumgartner, Marion Wohlleben, Christian Marty 2012 Neu konstituiert als Plattform Weiterbildung, zusammen mit dem Bundesamt für Kultur BAK, der Nationalen Informationsstelle für Kulturgüter NIKE und ICOMOS Suisse</p>



<p><strong>1999-2010</strong> AG <strong>Restaurieren in La Habana</strong>, Cuba Leiter 1999 &#8211; 2010 Peter Widmer</p>



<p><strong>2001 &#8211; 2012</strong> AG <strong>Historische Möbel und Intérieurs<br></strong>Leiter / in: 2001-2010 Ulli Freyer; 2010-2012&nbsp;Manuel Kehrli </p>



<p><strong>2002 – 2014 </strong>AG <strong>Industriekultur<br></strong>Leiter 2002 &#8211; 2010: Jürg Ganz;&nbsp; 2011 &#8211; 2014: Kilian Elsasser </p>



<p><strong>2007 </strong>&#8211; tbd (Gründung) AG<strong> Friedhöfe und Einzelmonumente<br></strong>Leiter: 2007 &#8211; 2014: Ivo Zemp</p>



<p><strong>2016 </strong>&#8211; tbd Neue Lancierung unter dem Titel: <strong>Historische Friedhöfe<br></strong>Leiterin: Lambrini Koutoussaki</p>



<p><strong>2016</strong> &#8211; <strong>2024</strong> (Gründung) AG <strong>System und Serie,<br></strong>Leiterin: Silke Langenberg</p>



<p><strong>2023 &#8211; 2025</strong> AG <strong>Denkmalschutzjahr 2025 (A future for whose past?),<br></strong>Leiterin: Silke Langenberg</p>



<p><strong>2025 &#8211; </strong> AG <strong>Kulturtourismus (Internationale Charta für Kulturerbe-Tourismus),<br></strong>Leiter: Niklaus Ledergerber</p>
</div>



<div class="wp-block-column is-layout-flow wp-block-column-is-layout-flow">
<h3 class="wp-block-heading">Das Freitagskolloquium mit der ETH Zürich</h3>



<p><strong>Lehrstuhl für Denkmalpflege 1987-2006</strong> Als Nachfolge des sog. Knöpfli- Kolloquiums (Prof. Dr. Alfred Knöpfli ) am Freitag um 16.00-18.00 Uhr organisierte ICOMOS Suisse zusammen mit Prof. Dr. Georg Mörsch</p>



<p><a href="https://www.icomos.ch/wp-content/uploads/2017/02/Freitagskolloquium-Liste.pdf">Liste Freitagskolloquien 1987-2006</a></p>



<h3 class="wp-block-heading">Fachtagungen</h3>



<p>Es ist nicht möglich, eine Liste aller Fachtagungen zu erstellen, die ICOMOS Suisse alleine oder in Zusammenarbeit mit andern Organisationen durchgeführt hat. Im Archiv von ICOMOS Suisse ist dazu einiges zu finden.</p>



<h3 class="wp-block-heading">Veranstaltungen von ICOMOS International in der Schweiz, ICOMOS Suisse als Gastgeber</h3>



<p><strong>1990, 6.-11. Oktober</strong>: findet die 9. Assemblée Générale in ICOMOS International in Lausanne statt. </p>



<p><strong>2008, Mai:</strong> in Bern und Umgebung findet das Treffen der ICOMOS Europe Group statt.</p>
</div>
</div>
</div>



<div class="wp-block-group has-grey-95-background-color has-background is-layout-constrained wp-block-group-is-layout-constrained">
<h2 class="wp-block-heading">Internationale Zusammenarbeit</h2>



<p>Es besteht ein lockerer Zusammenschluss unter den deutschsprachigen Nationalkomitees: Deutschland, Luxembourg, Österreich und der Schweiz. Aus dieser Kooperation entsteht 2012 die Publikationsreihe Monumenta. In unregelmässigen Abständen sollen Themen der Denkmalpflege, die für den deutschsprachigen Raum wichtig sind, aufgegriffen werden. So wird mit dem Monumenta Band I eine erstmalige deutsche Übersetzung aller für ICOMOS relevanten internationalen Grundsatzpapiere und Richtlinien zur Denkmalpflege erstellt.</p>



<p>Die gesamte Publikationsreihe der Monumenta Bänder finden Sie hier <a href="https://www.icomos.de/index.php?lang=Deutsch&amp;contentid=171&amp;navid=231" target="_blank" rel="noopener noreferrer">hier</a> </p>



<p>Alle National Comittees von ICOMOS Suisse finden Sie hier <a href="https://www.icomos.org/en/about-icomos/committees/national-committees?start=5" target="_blank" rel="noopener noreferrer">hier</a></p>



<p><strong>Akten</strong> Die gesamten Akten von ICOMOS Suisse sind im Eidg. Archiv für Denkmalpflege, EAD einsehbar. Die neueren Akten werden in regelmässigen Abständen dem Archiv übergeben.</p>
</div>

<p>1965, 25. März: Erste konstituierende Sitzung in Bern, Bernerhof, zu Gast beim Sekretär der UNESCO-Kommission Vorbereitung auf die Gründung von ICOMOS International; Als Präsident wird Prof. Alfred A. Schmid gewählt. Er soll die Schweiz an der internationalen Tagung des ICOMOS im April in Rom und im Juni 1965 im Warschau vertreten. 1965, 3. Juni: Zweites [&hellip;]</p>
