{"id":11128,"date":"2026-04-08T16:02:23","date_gmt":"2026-04-08T16:02:23","guid":{"rendered":"https:\/\/www.icomos.ch\/?page_id=11128"},"modified":"2026-04-08T16:02:23","modified_gmt":"2026-04-08T16:02:23","slug":"mitgliederversammlungen","status":"publish","type":"page","link":"https:\/\/www.icomos.ch\/it\/organizzazione\/mitgliederversammlungen\/","title":{"rendered":"Mitgliederversammlungen"},"content":{"rendered":"\n<div class=\"wp-block-cover is-light\"><img loading=\"lazy\" decoding=\"async\" width=\"960\" height=\"677\" class=\"wp-block-cover__image-background wp-image-10008 size-large\" alt=\"\" src=\"https:\/\/www.icomos.ch\/wp-content\/uploads\/icomos_a5_10-25_FR_digi-korr_Seite_1-960x677.jpg\" data-object-fit=\"cover\" srcset=\"https:\/\/www.icomos.ch\/wp-content\/uploads\/icomos_a5_10-25_FR_digi-korr_Seite_1-960x677.jpg 960w, https:\/\/www.icomos.ch\/wp-content\/uploads\/icomos_a5_10-25_FR_digi-korr_Seite_1-640x451.jpg 640w, https:\/\/www.icomos.ch\/wp-content\/uploads\/icomos_a5_10-25_FR_digi-korr_Seite_1-1536x1083.jpg 1536w, https:\/\/www.icomos.ch\/wp-content\/uploads\/icomos_a5_10-25_FR_digi-korr_Seite_1-2048x1444.jpg 2048w\" sizes=\"auto, (max-width: 960px) 100vw, 960px\" \/><span aria-hidden=\"true\" class=\"wp-block-cover__background has-background-dim-0 has-background-dim\"><\/span><div class=\"wp-block-cover__inner-container is-layout-constrained wp-block-cover-is-layout-constrained\">\n<h1 class=\"wp-block-heading has-text-align-center has-white-color has-text-color has-link-color wp-elements-d672e45708fadb5651ada7a0a892e179\">Mitgliederversammlungen<\/h1>\n<\/div><\/div>\n\n\n\n<div class=\"wp-block-group is-layout-constrained wp-block-group-is-layout-constrained\">\n<p>Seit 1966 findet j\u00e4hrlich eine Mitgliederversammlung statt. Bis 1978 fanden die Versammlungen am Rande der j\u00e4hrlichen Tagung der Eidg. Kommission f\u00fcr Denkmalpflege EKD statt. Seit 1979 finden sie als eigenst\u00e4ndige Tagungen statt.<\/p>\n<\/div>\n\n\n<ul class=\"wp-block-latest-posts__list is-grid columns-3 wp-block-latest-posts\"><li><a class=\"wp-block-latest-posts__post-title\" href=\"https:\/\/www.icomos.ch\/it\/assemblee-annuelle-2025\/\">Assembl\u00e9es annuelle 2025\/2026<\/a><\/li>\n<\/ul>","protected":false},"excerpt":{"rendered":"<p>Seit 1966 findet j\u00e4hrlich eine Mitgliederversammlung statt. Bis 1978 fanden die Versammlungen am Rande der j\u00e4hrlichen Tagung der Eidg. Kommission f\u00fcr Denkmalpflege EKD statt. Seit 1979 finden sie als eigenst\u00e4ndige Tagungen statt.<\/p>\n","protected":false},"author":1,"featured_media":10009,"parent":366,"menu_order":1,"comment_status":"closed","ping_status":"closed","template":"","meta":{"footnotes":""},"class_list":["post-11128","page","type-page","status-publish","has-post-thumbnail","hentry"],"_links":{"self":[{"href":"https:\/\/www.icomos.ch\/it\/wp-json\/wp\/v2\/pages\/11128","targetHints":{"allow":["GET"]}}],"collection":[{"href":"https:\/\/www.icomos.ch\/it\/wp-json\/wp\/v2\/pages"}],"about":[{"href":"https:\/\/www.icomos.ch\/it\/wp-json\/wp\/v2\/types\/page"}],"author":[{"embeddable":true,"href":"https:\/\/www.icomos.ch\/it\/wp-json\/wp\/v2\/users\/1"}],"replies":[{"embeddable":true,"href":"https:\/\/www.icomos.ch\/it\/wp-json\/wp\/v2\/comments?post=11128"}],"version-history":[{"count":1,"href":"https:\/\/www.icomos.ch\/it\/wp-json\/wp\/v2\/pages\/11128\/revisions"}],"predecessor-version":[{"id":11138,"href":"https:\/\/www.icomos.ch\/it\/wp-json\/wp\/v2\/pages\/11128\/revisions\/11138"}],"up":[{"embeddable":true,"href":"https:\/\/www.icomos.ch\/it\/wp-json\/wp\/v2\/pages\/366"}],"wp:featuredmedia":[{"embeddable":true,"href":"https:\/\/www.icomos.ch\/it\/wp-json\/wp\/v2\/media\/10009"}],"wp:attachment":[{"href":"https:\/\/www.icomos.ch\/it\/wp-json\/wp\/v2\/media?parent=11128"}],"curies":[{"name":"wp","href":"https:\/\/api.w.org\/{rel}","templated":true}]}}

<div class="wp-block-cover is-light"><img loading="lazy" decoding="async" width="960" height="677" class="wp-block-cover__image-background wp-image-10008 size-large" alt="" src="https://www.icomos.ch/wp-content/uploads/icomos_a5_10-25_FR_digi-korr_Seite_1-960x677.jpg" data-object-fit="cover" srcset="https://www.icomos.ch/wp-content/uploads/icomos_a5_10-25_FR_digi-korr_Seite_1-960x677.jpg 960w, https://www.icomos.ch/wp-content/uploads/icomos_a5_10-25_FR_digi-korr_Seite_1-640x451.jpg 640w, https://www.icomos.ch/wp-content/uploads/icomos_a5_10-25_FR_digi-korr_Seite_1-1536x1083.jpg 1536w, https://www.icomos.ch/wp-content/uploads/icomos_a5_10-25_FR_digi-korr_Seite_1-2048x1444.jpg 2048w" sizes="auto, (max-width: 960px) 100vw, 960px" /><span aria-hidden="true" class="wp-block-cover__background has-background-dim-0 has-background-dim"></span><div class="wp-block-cover__inner-container is-layout-constrained wp-block-cover-is-layout-constrained">
<h1 class="wp-block-heading has-text-align-center has-white-color has-text-color has-link-color wp-elements-d672e45708fadb5651ada7a0a892e179">Mitgliederversammlungen</h1>
</div></div>



<div class="wp-block-group is-layout-constrained wp-block-group-is-layout-constrained">
<p>Seit 1966 findet jährlich eine Mitgliederversammlung statt. Bis 1978 fanden die Versammlungen am Rande der jährlichen Tagung der Eidg. Kommission für Denkmalpflege EKD statt. Seit 1979 finden sie als eigenständige Tagungen statt.</p>
</div>


<ul class="wp-block-latest-posts__list is-grid columns-3 wp-block-latest-posts"><li><a class="wp-block-latest-posts__post-title" href="https://www.icomos.ch/it/assemblee-annuelle-2025/">Assemblées annuelle 2025/2026</a></li>
</ul>

<p>Seit 1966 findet jährlich eine Mitgliederversammlung statt. Bis 1978 fanden die Versammlungen am Rande der jährlichen Tagung der Eidg. Kommission für Denkmalpflege EKD statt. Seit 1979 finden sie als eigenständige Tagungen statt.</p>
