{"id":11129,"date":"2026-04-08T16:02:25","date_gmt":"2026-04-08T16:02:25","guid":{"rendered":"https:\/\/www.icomos.ch\/?page_id=11129"},"modified":"2026-04-08T16:02:25","modified_gmt":"2026-04-08T16:02:25","slug":"vorstand-geschaftsstelle","status":"publish","type":"page","link":"https:\/\/www.icomos.ch\/it\/organizzazione\/vorstand-geschaftsstelle\/","title":{"rendered":"Vorstand &amp; Gesch\u00e4ftsstelle"},"content":{"rendered":"\n<div class=\"wp-block-group is-layout-constrained wp-block-group-is-layout-constrained\">\n<div class=\"wp-block-columns is-layout-flex wp-container-core-columns-is-layout-28f84493 wp-block-columns-is-layout-flex\">\n<div class=\"wp-block-column is-layout-flow wp-block-column-is-layout-flow\" style=\"flex-basis:33.33%\">\n<p>Sabine Nemec-Piguet<br>Pr\u00e4sidentin<br><a href=\"mailto:secretariat@icomos.ch\">Email<\/a><\/p>\n\n\n\n<p>Dieter Schnell<br>Vizepr\u00e4sident<br><a href=\"mailto:secretariat@icomos.ch\" data-type=\"mailto\" data-id=\"mailto:secretariat@icomos.ch\">Email<\/a><\/p>\n\n\n\n<p>Hansj\u00f6rg Brem<br>Kassier<br><a href=\"mailto:secretariat@icomos.ch\">Email<\/a><\/p>\n<\/div>\n\n\n\n<div class=\"wp-block-column is-layout-flow wp-block-column-is-layout-flow\" style=\"flex-basis:33.33%\">\n<p>Cony Gr\u00fcnenfelder<br>Vorstand<br><a href=\"mailto:secretariat@icomos.ch\">Email<\/a><\/p>\n\n\n\n<p>Melanie Wyrsch<br>Vorstand<br><a href=\"mailto:secretariat@icomos.ch\" data-type=\"mailto\" data-id=\"mailto:wyrsch@icomos.ch\">Email<\/a><\/p>\n\n\n\n<p>Albina Cereghetti<br>Vorstand<br><a href=\"mailto:secretariat@icomos.ch\" target=\"_blank\" rel=\"noreferrer noopener\">Email<\/a><\/p>\n<\/div>\n\n\n\n<div class=\"wp-block-column is-layout-flow wp-block-column-is-layout-flow\" style=\"flex-basis:33.33%\">\n<p>Lucia Huguenin<br>Vorstand<br><a href=\"mailto:secretariat@icomos.ch\" data-type=\"link\" data-id=\"huguenin@icomos.ch\">Email<\/a><\/p>\n\n\n\n<p>Monica Bilfinger<br>Generalsekret\u00e4rin<br><a href=\"mailto:secretariat@icomos.ch\">Email<\/a><\/p>\n\n\n\n<p>Gesch\u00e4ftsstelle \/ Sekretariat<br><a href=\"mailto:secretariat@icomos.ch\">Email<\/a><\/p>\n<\/div>\n<\/div>\n<\/div>\n","protected":false},"excerpt":{"rendered":"<p>Sabine Nemec-PiguetPr\u00e4sidentinEmail Dieter SchnellVizepr\u00e4sidentEmail Hansj\u00f6rg BremKassierEmail Cony Gr\u00fcnenfelderVorstandEmail Melanie WyrschVorstandEmail Albina CereghettiVorstandEmail Lucia HugueninVorstandEmail Monica BilfingerGeneralsekret\u00e4rinEmail Gesch\u00e4ftsstelle \/ SekretariatEmail<\/p>\n","protected":false},"author":1,"featured_media":10533,"parent":366,"menu_order":3,"comment_status":"closed","ping_status":"closed","template":"","meta":{"footnotes":""},"class_list":["post-11129","page","type-page","status-publish","has-post-thumbnail","hentry"],"_links":{"self":[{"href":"https:\/\/www.icomos.ch\/it\/wp-json\/wp\/v2\/pages\/11129","targetHints":{"allow":["GET"]}}],"collection":[{"href":"https:\/\/www.icomos.ch\/it\/wp-json\/wp\/v2\/pages"}],"about":[{"href":"https:\/\/www.icomos.ch\/it\/wp-json\/wp\/v2\/types\/page"}],"author":[{"embeddable":true,"href":"https:\/\/www.icomos.ch\/it\/wp-json\/wp\/v2\/users\/1"}],"replies":[{"embeddable":true,"href":"https:\/\/www.icomos.ch\/it\/wp-json\/wp\/v2\/comments?post=11129"}],"version-history":[{"count":1,"href":"https:\/\/www.icomos.ch\/it\/wp-json\/wp\/v2\/pages\/11129\/revisions"}],"predecessor-version":[{"id":11139,"href":"https:\/\/www.icomos.ch\/it\/wp-json\/wp\/v2\/pages\/11129\/revisions\/11139"}],"up":[{"embeddable":true,"href":"https:\/\/www.icomos.ch\/it\/wp-json\/wp\/v2\/pages\/366"}],"wp:featuredmedia":[{"embeddable":true,"href":"https:\/\/www.icomos.ch\/it\/wp-json\/wp\/v2\/media\/10533"}],"wp:attachment":[{"href":"https:\/\/www.icomos.ch\/it\/wp-json\/wp\/v2\/media?parent=11129"}],"curies":[{"name":"wp","href":"https:\/\/api.w.org\/{rel}","templated":true}]}}

Vorstand &amp; Geschäftsstelle

<div class="wp-block-group is-layout-constrained wp-block-group-is-layout-constrained">
<div class="wp-block-columns is-layout-flex wp-container-core-columns-is-layout-28f84493 wp-block-columns-is-layout-flex">
<div class="wp-block-column is-layout-flow wp-block-column-is-layout-flow" style="flex-basis:33.33%">
<p>Sabine Nemec-Piguet<br>Präsidentin<br><a href="mailto:secretariat@icomos.ch">Email</a></p>



<p>Dieter Schnell<br>Vizepräsident<br><a href="mailto:secretariat@icomos.ch" data-type="mailto" data-id="mailto:secretariat@icomos.ch">Email</a></p>



<p>Hansjörg Brem<br>Kassier<br><a href="mailto:secretariat@icomos.ch">Email</a></p>
</div>



<div class="wp-block-column is-layout-flow wp-block-column-is-layout-flow" style="flex-basis:33.33%">
<p>Cony Grünenfelder<br>Vorstand<br><a href="mailto:secretariat@icomos.ch">Email</a></p>



<p>Melanie Wyrsch<br>Vorstand<br><a href="mailto:secretariat@icomos.ch" data-type="mailto" data-id="mailto:wyrsch@icomos.ch">Email</a></p>



<p>Albina Cereghetti<br>Vorstand<br><a href="mailto:secretariat@icomos.ch" target="_blank" rel="noreferrer noopener">Email</a></p>
</div>



<div class="wp-block-column is-layout-flow wp-block-column-is-layout-flow" style="flex-basis:33.33%">
<p>Lucia Huguenin<br>Vorstand<br><a href="mailto:secretariat@icomos.ch" data-type="link" data-id="huguenin@icomos.ch">Email</a></p>



<p>Monica Bilfinger<br>Generalsekretärin<br><a href="mailto:secretariat@icomos.ch">Email</a></p>



<p>Geschäftsstelle / Sekretariat<br><a href="mailto:secretariat@icomos.ch">Email</a></p>
</div>
</div>
</div>

<p>Sabine Nemec-PiguetPräsidentinEmail Dieter SchnellVizepräsidentEmail Hansjörg BremKassierEmail Cony GrünenfelderVorstandEmail Melanie WyrschVorstandEmail Albina CereghettiVorstandEmail Lucia HugueninVorstandEmail Monica BilfingerGeneralsekretärinEmail Geschäftsstelle / SekretariatEmail</p>
