{"id":361,"date":"2016-04-07T17:34:16","date_gmt":"2016-04-07T17:34:16","guid":{"rendered":"https:\/\/www.icomos.ch\/it\/?page_id=361"},"modified":"2026-05-07T18:28:33","modified_gmt":"2026-05-07T18:28:33","slug":"gruppo-di-lavoro","status":"publish","type":"page","link":"https:\/\/www.icomos.ch\/it\/gruppo-di-lavoro\/","title":{"rendered":"Gruppo di lavoro"},"content":{"rendered":"\n<div class=\"wp-block-cover is-light\"><img loading=\"lazy\" decoding=\"async\" width=\"960\" height=\"320\" class=\"wp-block-cover__image-background wp-image-986 size-large\" alt=\"\" src=\"https:\/\/icomos.bold-concept.com\/wp-content\/uploads\/2016\/09\/landwasserviadukt-960x320.jpg\" data-object-fit=\"cover\" srcset=\"https:\/\/www.icomos.ch\/wp-content\/uploads\/2016\/09\/landwasserviadukt-960x320.jpg 960w, https:\/\/www.icomos.ch\/wp-content\/uploads\/2016\/09\/landwasserviadukt-640x213.jpg 640w, https:\/\/www.icomos.ch\/wp-content\/uploads\/2016\/09\/landwasserviadukt.jpg 1920w\" sizes=\"auto, (max-width: 960px) 100vw, 960px\" \/><span aria-hidden=\"true\" class=\"wp-block-cover__background has-background-dim-0 has-background-dim\"><\/span><div class=\"wp-block-cover__inner-container is-layout-constrained wp-block-cover-is-layout-constrained\">\n<h1 class=\"wp-block-heading has-text-align-center has-white-color has-text-color has-link-color wp-elements-1\">Gruppi di lavoro &amp; progetti<\/h1>\n<\/div><\/div>\n\n\n\n<div class=\"wp-block-group is-layout-constrained wp-block-group-is-layout-constrained\">\n<div class=\"wp-block-columns is-layout-flex wp-container-core-columns-is-layout-7387b849 wp-block-columns-is-layout-flex\">\n<div class=\"wp-block-column is-layout-flow wp-block-column-is-layout-flow\">\n<p class=\"wp-block-paragraph\">ICOMOS Suisse costituisce, su proposta del comitato direttivo o dei membri, gruppi di lavoro temporanei o permanenti. Il loro obiettivo \u00e8 in particolare l\u2019elaborazione di specifici problemi tecnici, metodologici, scientifici o organizzativi e la realizzazione di determinati progetti.<\/p>\n<\/div>\n\n\n\n<div class=\"wp-block-column is-layout-flow wp-block-column-is-layout-flow\">\n<p class=\"wp-block-paragraph\">I programmi di lavoro sono coordinati con gruppi specialistici affini gi\u00e0 attivi in Svizzera; i gruppi di lavoro mantengono stretti contatti con i Comit\u00e9s Sp\u00e9cialis\u00e9s di ICOMOS, le cui finalit\u00e0 sono analoghe.<\/p>\n<\/div>\n<\/div>\n<\/div>\n\n\n\n<div class=\"wp-block-group has-grey-95-background-color has-background is-layout-constrained wp-block-group-is-layout-constrained\">\n<h2 class=\"wp-block-heading\">Gruppi di lavoro nazionali attivi<\/h2>\n\n\n\n<div class=\"wp-block-query is-layout-flow wp-block-query-is-layout-flow\"><ul class=\"columns-3 wp-block-post-template is-layout-grid wp-container-core-post-template-is-layout-cda6dc4f wp-block-post-template-is-layout-grid\"><li class=\"wp-block-post post-257 workinggroup type-workinggroup status-publish has-post-thumbnail hentry tag-attivo workinggroup_category-attivo-it\">\n<figure class=\"wp-block-post-featured-image\"><img loading=\"lazy\" decoding=\"async\" width=\"105\" height=\"105\" src=\"https:\/\/www.icomos.ch\/wp-content\/uploads\/2016\/01\/arbeitsgruppe-hotelsundrestaurants_header-image2-105x105.jpg\" class=\"attachment-post-thumbnail size-post-thumbnail wp-post-image\" alt=\"\" style=\"object-fit:cover;\" srcset=\"https:\/\/www.icomos.ch\/wp-content\/uploads\/2016\/01\/arbeitsgruppe-hotelsundrestaurants_header-image2-105x105.jpg 105w, https:\/\/www.icomos.ch\/wp-content\/uploads\/2016\/01\/arbeitsgruppe-hotelsundrestaurants_header-image2-320x320.jpg 320w\" sizes=\"auto, (max-width: 105px) 100vw, 105px\" \/><\/figure>\n\n<h3 class=\"wp-block-post-title\">Alberghi e ristoranti storici<\/h3>\n\n<div class=\"more wp-block-post-excerpt\"><p class=\"wp-block-post-excerpt__excerpt\">Die Schweiz geh\u00f6rt zu den L\u00e4ndern Europas, welche eine Vielzahl qualit\u00e4tsvoller historischer Bauzeugen des Tourismus besitzen. Diese wurden lange Zeit kaum beachtet.<\/p><p class=\"wp-block-post-excerpt__more-text\"><a class=\"wp-block-post-excerpt__more-link\" href=\"https:\/\/www.icomos.ch\/it\/workinggroup\/historische-hotels-restaurants\/\">mehr erfahren<\/a><\/p><\/div>\n<\/li><li class=\"wp-block-post post-255 workinggroup type-workinggroup status-publish has-post-thumbnail hentry tag-attivo workinggroup_category-attivo-it\">\n<figure class=\"wp-block-post-featured-image\"><img loading=\"lazy\" decoding=\"async\" width=\"105\" height=\"105\" src=\"https:\/\/www.icomos.ch\/wp-content\/uploads\/2025-AG-Garten-Titelbild-105x105.jpg\" class=\"attachment-post-thumbnail size-post-thumbnail wp-post-image\" alt=\"\" style=\"object-fit:cover;\" srcset=\"https:\/\/www.icomos.ch\/wp-content\/uploads\/2025-AG-Garten-Titelbild-105x105.jpg 105w, https:\/\/www.icomos.ch\/wp-content\/uploads\/2025-AG-Garten-Titelbild-320x320.jpg 320w\" sizes=\"auto, (max-width: 105px) 100vw, 105px\" \/><\/figure>\n\n<h3 class=\"wp-block-post-title\">Giardini Storici<\/h3>\n\n<div class=\"more wp-block-post-excerpt\"><p class=\"wp-block-post-excerpt__excerpt\">Die Arbeitsgruppe Gartendenkmalpflege ICOMOS wurde 1992 gegr\u00fcndet. Sie soll eine Plattform f\u00fcr die Zusammenarbeit von Fachleuten verschiedener Disziplinen der Gartendenkmalpflege bieten.<\/p><p class=\"wp-block-post-excerpt__more-text\"><a class=\"wp-block-post-excerpt__more-link\" href=\"https:\/\/www.icomos.ch\/it\/workinggroup\/giardini-storici\/\">mehr erfahren<\/a><\/p><\/div>\n<\/li><li class=\"wp-block-post post-12041 workinggroup type-workinggroup status-publish has-post-thumbnail hentry tag-attivo\">\n<figure class=\"wp-block-post-featured-image\"><img loading=\"lazy\" decoding=\"async\" width=\"105\" height=\"105\" src=\"https:\/\/www.icomos.ch\/wp-content\/uploads\/Pic-Kulturtourismus-So-Authentic-105x105.png\" class=\"attachment-post-thumbnail size-post-thumbnail wp-post-image\" alt=\"\" style=\"object-fit:cover;\" srcset=\"https:\/\/www.icomos.ch\/wp-content\/uploads\/Pic-Kulturtourismus-So-Authentic-105x105.png 105w, https:\/\/www.icomos.ch\/wp-content\/uploads\/Pic-Kulturtourismus-So-Authentic-320x320.png 320w\" sizes=\"auto, (max-width: 105px) 100vw, 105px\" \/><\/figure>\n\n<h3 class=\"wp-block-post-title\">Kulturtourismus (in Gr\u00fcndung)<\/h3>\n\n<div class=\"more wp-block-post-excerpt\"><p class=\"wp-block-post-excerpt__excerpt\">Allgemeines Ausl\u00f6ser: ICOMOS International Charter for Cultural Heritage Tourism (2022): Reinforcing cultural heritage protection and community resilience through responsible and sustainable tourism management Ziele der Charta:\u2022Den Schutz des kulturellen Erbes und die Rechte der Gemeinschaft in den Mittelpunkt der Strategien und Projekte im Bereich des Kulturtourismus stellen. \u2022Die F\u00f6rderung der Zusammenarbeit und der Mitbestimmung unter&hellip;<\/p><p class=\"wp-block-post-excerpt__more-text\"><a class=\"wp-block-post-excerpt__more-link\" href=\"https:\/\/www.icomos.ch\/it\/workinggroup\/kulturtourismus-in-grundung\/\">mehr erfahren<\/a><\/p><\/div>\n<\/li><\/ul><\/div>\n<\/div>\n\n\n\n<h2 class=\"wp-block-heading\">Gruppi di lavoro nazionali archiviati<\/h2>\n","protected":false},"excerpt":{"rendered":"<p>Arbeitsgruppen &#038; Projekte<\/p>\n","protected":false},"author":1,"featured_media":986,"parent":0,"menu_order":3,"comment_status":"closed","ping_status":"closed","template":"template-arbeitsgruppen.php","meta":{"footnotes":"","_members_access_role":[],"_members_access_error":""},"class_list":["post-361","page","type-page","status-publish","has-post-thumbnail","hentry"],"_links":{"self":[{"href":"https:\/\/www.icomos.ch\/it\/wp-json\/wp\/v2\/pages\/361","targetHints":{"allow":["GET"]}}],"collection":[{"href":"https:\/\/www.icomos.ch\/it\/wp-json\/wp\/v2\/pages"}],"about":[{"href":"https:\/\/www.icomos.ch\/it\/wp-json\/wp\/v2\/types\/page"}],"author":[{"embeddable":true,"href":"https:\/\/www.icomos.ch\/it\/wp-json\/wp\/v2\/users\/1"}],"replies":[{"embeddable":true,"href":"https:\/\/www.icomos.ch\/it\/wp-json\/wp\/v2\/comments?post=361"}],"version-history":[{"count":7,"href":"https:\/\/www.icomos.ch\/it\/wp-json\/wp\/v2\/pages\/361\/revisions"}],"predecessor-version":[{"id":11280,"href":"https:\/\/www.icomos.ch\/it\/wp-json\/wp\/v2\/pages\/361\/revisions\/11280"}],"wp:featuredmedia":[{"embeddable":true,"href":"https:\/\/www.icomos.ch\/it\/wp-json\/wp\/v2\/media\/986"}],"wp:attachment":[{"href":"https:\/\/www.icomos.ch\/it\/wp-json\/wp\/v2\/media?parent=361"}],"curies":[{"name":"wp","href":"https:\/\/api.w.org\/{rel}","templated":true}]}}

<div class="wp-block-cover is-light"><img loading="lazy" decoding="async" width="960" height="320" class="wp-block-cover__image-background wp-image-986 size-large" alt="" src="https://icomos.bold-concept.com/wp-content/uploads/2016/09/landwasserviadukt-960x320.jpg" data-object-fit="cover" srcset="https://www.icomos.ch/wp-content/uploads/2016/09/landwasserviadukt-960x320.jpg 960w, https://www.icomos.ch/wp-content/uploads/2016/09/landwasserviadukt-640x213.jpg 640w, https://www.icomos.ch/wp-content/uploads/2016/09/landwasserviadukt.jpg 1920w" sizes="auto, (max-width: 960px) 100vw, 960px" /><span aria-hidden="true" class="wp-block-cover__background has-background-dim-0 has-background-dim"></span><div class="wp-block-cover__inner-container is-layout-constrained wp-block-cover-is-layout-constrained">
<h1 class="wp-block-heading has-text-align-center has-white-color has-text-color has-link-color wp-elements-1">Gruppi di lavoro &amp; progetti</h1>
</div></div>



<div class="wp-block-group is-layout-constrained wp-block-group-is-layout-constrained">
<div class="wp-block-columns is-layout-flex wp-container-core-columns-is-layout-7387b849 wp-block-columns-is-layout-flex">
<div class="wp-block-column is-layout-flow wp-block-column-is-layout-flow">
<p class="wp-block-paragraph">ICOMOS Suisse costituisce, su proposta del comitato direttivo o dei membri, gruppi di lavoro temporanei o permanenti. Il loro obiettivo è in particolare l’elaborazione di specifici problemi tecnici, metodologici, scientifici o organizzativi e la realizzazione di determinati progetti.</p>
</div>



<div class="wp-block-column is-layout-flow wp-block-column-is-layout-flow">
<p class="wp-block-paragraph">I programmi di lavoro sono coordinati con gruppi specialistici affini già attivi in Svizzera; i gruppi di lavoro mantengono stretti contatti con i Comités Spécialisés di ICOMOS, le cui finalità sono analoghe.</p>
</div>
</div>
</div>



<div class="wp-block-group has-grey-95-background-color has-background is-layout-constrained wp-block-group-is-layout-constrained">
<h2 class="wp-block-heading">Gruppi di lavoro nazionali attivi</h2>



<div class="wp-block-query is-layout-flow wp-block-query-is-layout-flow"><ul class="columns-3 wp-block-post-template is-layout-grid wp-container-core-post-template-is-layout-cda6dc4f wp-block-post-template-is-layout-grid"><li class="wp-block-post post-257 workinggroup type-workinggroup status-publish has-post-thumbnail hentry tag-attivo workinggroup_category-attivo-it">
<figure class="wp-block-post-featured-image"><img loading="lazy" decoding="async" width="105" height="105" src="https://www.icomos.ch/wp-content/uploads/2016/01/arbeitsgruppe-hotelsundrestaurants_header-image2-105x105.jpg" class="attachment-post-thumbnail size-post-thumbnail wp-post-image" alt="" style="object-fit:cover;" srcset="https://www.icomos.ch/wp-content/uploads/2016/01/arbeitsgruppe-hotelsundrestaurants_header-image2-105x105.jpg 105w, https://www.icomos.ch/wp-content/uploads/2016/01/arbeitsgruppe-hotelsundrestaurants_header-image2-320x320.jpg 320w" sizes="auto, (max-width: 105px) 100vw, 105px" /></figure>

<h3 class="wp-block-post-title">Alberghi e ristoranti storici</h3>

<div class="more wp-block-post-excerpt"><p class="wp-block-post-excerpt__excerpt">Die Schweiz gehört zu den Ländern Europas, welche eine Vielzahl qualitätsvoller historischer Bauzeugen des Tourismus besitzen. Diese wurden lange Zeit kaum beachtet.</p><p class="wp-block-post-excerpt__more-text"><a class="wp-block-post-excerpt__more-link" href="https://www.icomos.ch/it/workinggroup/historische-hotels-restaurants/">mehr erfahren</a></p></div>
</li><li class="wp-block-post post-255 workinggroup type-workinggroup status-publish has-post-thumbnail hentry tag-attivo workinggroup_category-attivo-it">
<figure class="wp-block-post-featured-image"><img loading="lazy" decoding="async" width="105" height="105" src="https://www.icomos.ch/wp-content/uploads/2025-AG-Garten-Titelbild-105x105.jpg" class="attachment-post-thumbnail size-post-thumbnail wp-post-image" alt="" style="object-fit:cover;" srcset="https://www.icomos.ch/wp-content/uploads/2025-AG-Garten-Titelbild-105x105.jpg 105w, https://www.icomos.ch/wp-content/uploads/2025-AG-Garten-Titelbild-320x320.jpg 320w" sizes="auto, (max-width: 105px) 100vw, 105px" /></figure>

<h3 class="wp-block-post-title">Giardini Storici</h3>

<div class="more wp-block-post-excerpt"><p class="wp-block-post-excerpt__excerpt">Die Arbeitsgruppe Gartendenkmalpflege ICOMOS wurde 1992 gegründet. Sie soll eine Plattform für die Zusammenarbeit von Fachleuten verschiedener Disziplinen der Gartendenkmalpflege bieten.</p><p class="wp-block-post-excerpt__more-text"><a class="wp-block-post-excerpt__more-link" href="https://www.icomos.ch/it/workinggroup/giardini-storici/">mehr erfahren</a></p></div>
</li><li class="wp-block-post post-12041 workinggroup type-workinggroup status-publish has-post-thumbnail hentry tag-attivo">
<figure class="wp-block-post-featured-image"><img loading="lazy" decoding="async" width="105" height="105" src="https://www.icomos.ch/wp-content/uploads/Pic-Kulturtourismus-So-Authentic-105x105.png" class="attachment-post-thumbnail size-post-thumbnail wp-post-image" alt="" style="object-fit:cover;" srcset="https://www.icomos.ch/wp-content/uploads/Pic-Kulturtourismus-So-Authentic-105x105.png 105w, https://www.icomos.ch/wp-content/uploads/Pic-Kulturtourismus-So-Authentic-320x320.png 320w" sizes="auto, (max-width: 105px) 100vw, 105px" /></figure>

<h3 class="wp-block-post-title">Kulturtourismus (in Gründung)</h3>

<div class="more wp-block-post-excerpt"><p class="wp-block-post-excerpt__excerpt">Allgemeines Auslöser: ICOMOS International Charter for Cultural Heritage Tourism (2022): Reinforcing cultural heritage protection and community resilience through responsible and sustainable tourism management Ziele der Charta:•Den Schutz des kulturellen Erbes und die Rechte der Gemeinschaft in den Mittelpunkt der Strategien und Projekte im Bereich des Kulturtourismus stellen. •Die Förderung der Zusammenarbeit und der Mitbestimmung unter&hellip;</p><p class="wp-block-post-excerpt__more-text"><a class="wp-block-post-excerpt__more-link" href="https://www.icomos.ch/it/workinggroup/kulturtourismus-in-grundung/">mehr erfahren</a></p></div>
</li></ul></div>
</div>



<h2 class="wp-block-heading">Gruppi di lavoro nazionali archiviati</h2>
