{"id":7089,"date":"2016-04-09T18:22:37","date_gmt":"2016-04-09T18:22:37","guid":{"rendered":"https:\/\/www.icomos.ch\/workinggroup\/gartendenkmalpflege\/progetti-e-informazioni\/aktuelle-projekte\/"},"modified":"2024-10-14T14:59:04","modified_gmt":"2024-10-14T14:59:04","slug":"progetti-attuali","status":"publish","type":"workinggroup","link":"https:\/\/www.icomos.ch\/it\/workinggroup\/giardini-storici\/progetti-attuali\/","title":{"rendered":"Progetti attuali"},"content":{"rendered":"\n<h2 class=\"wp-block-heading\">Tagung: Historische G\u00e4rten &#8211; Erhalt und Pflege<\/h2>\n\n<p>Tagung Donnerstag,\u00a014. Juni 2023 in Biel<\/p>\n\n<p>Der zunehmende Nutzungsdruck auf den Siedlungsraum bedroht viele Gartendenkm\u00e4ler in ihrer Existenz, besonders wenn sie nicht in ihren Qualit\u00e4ten verstanden werden. Dies f\u00fchrt zu unsachgem\u00e4ssen \u00dcberformungen, falscher Pflege und schlimmstenfalls zum Verlust. Im eint\u00e4gigen Praxiskurs, organisiert in Kooperation mit Icomos Suisse, lernen Sie, was ein Gartendenkmal ausmacht, erhalten Einblick in Recht und Organisation der Gartendenkmalpflege, in ausgew\u00e4hlte Aspekte der Gartengeschichte sowie in praktische Problemstellungen. In einem Rundgang durch Biel wird der Umgang mit historischen G\u00e4rten und Anlagen am praktischen Beispiel besprochen.<\/p>\n\n<p>Nutzen und Ziele<br\/>&#8211; Einen kompakten Einblick in die Aufgaben der Gartendenkmalpflege erhalten<br\/>&#8211; Denkmalverd\u00e4chtige G\u00e4rten und Anlagen erkennen<br\/>&#8211; M\u00f6gliche Handlungsans\u00e4tze f\u00fcr deren Erhalt und Pflege kennen<br\/>&#8211; Beitrag historischer G\u00e4rten zur F\u00f6rderung der Biodiversit\u00e4t kennen<\/p>\n\n<p><a href=\"https:\/\/www.icomos.ch\/wp-content\/uploads\/2016\/04\/NGHG-DE_Flyer_historischeGaerten.pdf\" target=\"_blank\" rel=\"noopener noreferrer\">Flyer &#8220;Historische G\u00e4rten&#8221;<\/a><\/p>\n\n<h2 class=\"wp-block-heading\">Tagung: Historische G\u00e4rten &#8211; Erhalt und Pflege<\/h2>\n\n<p>Tagung Donnerstag, 5.9.2019 in Heiden<\/p>\n\n<p>Der zunehmende Nutzungsdruck auf den Siedlungsraumbedroht viele Gartendenkm\u00e4ler in ihrer Existenz, besonders wenn sie nicht als solche bekannt sind oder nicht in ihren Qualit\u00e4ten verstanden werden. Dies f\u00fchrt zu falscher Pflege, unsachgem\u00e4ssen \u00dcberformungen und schlimmstenfalls gar zum Verlust. Die Arbeitsgruppe Gartendenkmalpflege von ICOMOS bietet zusammen mit dem VSSG erstmals eine Weiterbildung zu diesem Thema an. Diese richtet sich insbesondere an die f\u00fcr die Gr\u00fcnfl\u00e4chenpflege zust\u00e4ndigen kommunalen Stellen, Mitarbeitende von kommunalen Verwaltungen, die f\u00fcr die Ortsplanungen, Baubewilligungen und den Unterhalt \u00f6ffentlicher Freir\u00e4ume zust\u00e4ndig sind.<\/p>\n\n<h2 class=\"wp-block-heading\">Stellungnahme der Arbeitsgruppe Historische G\u00e4rten zu invasiven Neophyten in historischen G\u00e4rten<\/h2>\n\n<p>Die Arbeitsgruppe Gartendenkmalpflege von ICOMOS Suisse begr\u00fcsst die aktuellen Anstrengungen zur Zur\u00fcckdr\u00e4ngung von invasiven Neophythen durch Interessentr\u00e4ger des Naturschutzes. Es muss jedoch festgehalten werden, dass dabei der gesetzliche Erhaltungsauftrag von Gartendenkm\u00e4lern bisher nicht ausreichend ber\u00fccksichtigt wurde.<br\/>ICOMOS Suisse fordert die Interessenvertreter des Naturschutzes und der Denkmalpflege auf, den Dialog aufzunehmen. Ziel ist, eine gemeinsame Handhabe zum Umgang mit historischen G\u00e4rten, insbesondere Inventarobjekten und Schutzobjekten, zu finden.<br\/><a href=\"https:\/\/www.icomos.ch\/fileadmin\/downloads\/groups\/vgi\/2015_Stellungnahme_ICOMOS_Neophyten.pdf\" target=\"_blank\" rel=\"noopener noreferrer\">Stellungnahme.pdf<\/a><\/p>\n\n<h2 class=\"wp-block-heading\">Buchreihe: Gartenwege der Schweiz<\/h2>\n\n<p>Die informativen F\u00fchrer sollen ihre Leserschaft zu unterhaltsamen und interessanten Gartenspazierg\u00e4ngen durch die ganze Schweiz einladen. Nicht nur zu eigentlichen G\u00e4rten, sondern auch zu Parks, Promenaden, Stadtpl\u00e4tzen, Gartensiedlungen und dergleichen \u00e4ussert sich der Gartenf\u00fchrer. Neben Gartenkunstgeschichte, lokalen Eigenheiten und Kuriosit\u00e4ten werden dabei auch Aspekte der Denkmalpflege erl\u00e4utert.<\/p>\n\n<p>Band 1: Brigitte Frei-Heitz, Anne Nagel: Landschaftsg\u00e4rten des 19. Jahrhunderts in Basel und Umgebung, hg. von ICOMOS Suisse, Arbeitsgruppe Gartendenkmalpflege und Johannes Stoffler, Baden: hier &amp; jetzt 2012 (Gartenwege der Schweiz, Bd. 1).<br\/><a href=\"http:\/\/www.hierundjetzt.ch\/de\/catalogue\/landschaftsgarten-des-19-jahrhunderts-in-basel-und-umgebung_13000176\/\" target=\"_blank\" rel=\"noopener noreferrer\">http:\/\/www.hierundjetzt.ch\/de\/catalogue\/landschaftsgarten-des-19-jahrhunderts-in-basel-und-umgebung_13000176\/<\/a><\/p>\n\n<p>Band 2: Brigitte Frei-Heitz, Dorothee Huber, Johannes Stoffler, Mirjam Bucher-Bauer: Siedlungsg\u00e4rten des 20. Jahrhunderts in Basel und Umgebung, hg. von ICOMOS Suisse, Arbeitsgruppe Gartendenkmalpflege und Mascha Bisping, Baden: hier &amp; jetzt 2013 (Gartenwege der Schweiz, Bd. 2).<br\/><a href=\"http:\/\/www.hierundjetzt.ch\/de\/catalogue\/siedlungsgarten-des-20-jahrhunderts-in-basel-und-umgebung_13000135\/\" target=\"_blank\" rel=\"noopener noreferrer\">http:\/\/www.hierundjetzt.ch\/de\/catalogue\/siedlungsgarten-des-20-jahrhunderts-in-basel-und-umgebung_13000135\/<\/a><\/p>\n\n<p>Band 3:\u00a0Roman H\u00e4ne, Meinrad Gschwend, Mariann K\u00fcnzi: Bauerng\u00e4rten zwischen S\u00e4ntis und Bodensee, hg.\u00a0v. ICOMOS Suisse, Arbeitsgruppe Gartendenkmalpflege. Baden: Hier und Jetzt, 2015 (Gartenwege der Schweiz, Bd. 3).<br\/><a href=\"http:\/\/www.hierundjetzt.ch\/de\/catalogue\/bauerngarten-zwischen-santis-und-bodensee_14000024\/\">http:\/\/www.hierundjetzt.ch\/de\/catalogue\/bauerngarten-zwischen-santis-und-bodensee_14000024\/<\/a><\/p>\n\n<p>Band 4: Peter Paul St\u00f6ckli, Bernhard Kaegi: Schlossg\u00e4rten zwischen Aare und Seetal. Ausfl\u00fcge in den Alten Aargau,\u00a0hg. v. ICOMOS Suisse, Arbeitsgruppe Gartendenkmalpflege. Baden: Hier und Jetzt, 2016 (Gartenwege der Schweiz, Bd. 4).<br\/><a href=\"http:\/\/www.hierundjetzt.ch\/de\/catalogue\/schlossgarten-zwischen-aare-und-seetal_15000072\/\">http:\/\/www.hierundjetzt.ch\/de\/catalogue\/schlossgarten-zwischen-aare-und-seetal_15000072\/<\/a><\/p>\n\n<h2 class=\"wp-block-heading\">Leitfaden f\u00fcr Beh\u00f6rden und Fachleute &#8211; Gartendenkm\u00e4ler in der Planung<\/h2>\n\n<p>Die von ICOMOS Suisse erstellte <i>Liste historischer G\u00e4rten und Anlagen der Schweiz <\/i>hat keine Rechtsverbindlichkeit. Sie gibt jedoch einen \u00dcberblick \u00fcber die potentiell schutzw\u00fcrdigen G\u00e4rten in der Schweiz und dient als Grundlage f\u00fcr vertiefende Inventare und Schutzmassnahmen. Eine fachliche und rechtliche Kl\u00e4rung der Schutzw\u00fcrdigkeit historischer G\u00e4rten und Anlagen liegt im Interesse aller Beteiligten. Sie gew\u00e4hrleistet Rechtssicherheit und erm\u00f6glicht den gezielten Einsatz von personellen und finanziellen Ressourcen.<\/p>\n\n<p>ICOMOS Suisse und das Bundesamt f\u00fcr Kultur haben deshalb den Leitfaden <i>Gartendenkm\u00e4ler in der Planung<\/i> erstellt. Dieser zeigt auf, wie in der Schweiz sch\u00fctzenswerte G\u00e4rten aufgrund der <i>Liste der historischen G\u00e4rten und Anlagen<\/i> ermittelt und mit angemessenem Aufwand rechtlich gesch\u00fctzt werden k\u00f6nnen. Der vorliegende Leitfaden richtet sich nicht nur an die \u00f6ffentliche Hand, sondern auch an private B\u00fcros aus den Fachbereichen Raumplanung, Landschaftsplanung und Denkmalpflege, welche die Gemeinden und Kantone oft in solchen Fragen begleiten.<br\/><a title=\"TEXT, Icomos-de web ES, Icomos-de_web_ES.pdf, 4.3 MB\" href=\"https:\/\/www.icomos.ch\/fileadmin\/downloads\/groups\/gardens\/Icomos-de_web_ES.pdf\">Leitfaden deutsch (A4)<\/a> \/ <a href=\"https:\/\/www.icomos.ch\/fileadmin\/downloads\/groups\/gardens\/Icomos-de_web_DS.pdf\" target=\"_blank\" rel=\"noopener noreferrer\">(A3)<\/a><br\/><a title=\"TEXT, Icomos-fr web ES, Icomos-fr_web_ES.pdf, 4.4 MB\" href=\"https:\/\/www.icomos.ch\/fileadmin\/downloads\/groups\/gardens\/Icomos-fr_web_ES.pdf\">Leitfaden franz\u00f6sisch (A4)<\/a> \/ <a href=\"https:\/\/www.icomos.ch\/fileadmin\/downloads\/groups\/gardens\/Icomos-fr_web_DS.pdf\" target=\"_blank\" rel=\"noopener noreferrer\">(A3)<\/a><br\/><a title=\"TEXT, Icomos-it web ES, Icomos-it_web_ES.pdf, 4.4 MB\" href=\"https:\/\/www.icomos.ch\/fileadmin\/downloads\/groups\/gardens\/Icomos-it_web_ES.pdf\">Leitfaden italienisch (A4)<\/a> \/ <a href=\"https:\/\/www.icomos.ch\/fileadmin\/downloads\/groups\/gardens\/Icomos-it_web_DS.pdf\" target=\"_blank\" rel=\"noopener noreferrer\">(A3)<\/a><\/p>\n\n<p><i>Hinweis:<\/i> Der Leitfaden in Papierform kann in deutsch, franz\u00f6sisch oder italienisch gegen ein frankiertes R\u00fcckantwortcouvert bei folgender Adresse bestellt werden: ICOMOS Arbeitsgruppe Gartendenkmalpflege, c\/o Ignaz Sieber, Bachwiesenstrasse 144, 8047 Z\u00fcrich.<\/p>\n\n<h2 class=\"wp-block-heading\">ICOMOS &#8211; Liste historischer G\u00e4rten und Anlagen der Schweiz<\/h2>\n\n<p>Die Arbeitsgruppe &#8220;Gartendenkmalpflege&#8221; des ICOMOS hatte sich 1992 zum Ziel gesetzt, gemeinsam mit verwandten Organisationen eine Liste historischer G\u00e4rten und Anlagen zu erstellen. Begutachtet wurden in der Schweiz alle Freir\u00e4ume, die vor 1960 mit baulichen oder pflanzlichen Mitteln gestaltet wurden, z.B. Garten- und Parkanlagen, Alleen, Pl\u00e4tze, Friedh\u00f6fe, Sport-, Spiel- und Schulanlagen. Die Objekte wurden nach folgenden Hauptkriterien beurteilt:<br\/>Wertvolle historische Substanz z.B. Pflanzen, Wege, Pavillons, Gel\u00e4ndemodellierung<br\/>Geschichtliche Bedeutung, z.B. Parkanlage um eine f\u00fcr den Ort bedeutende Industrieanlage<br\/>Untrennbare Zugeh\u00f6rigkeit zu einem bedeutenden Geb\u00e4ude.<br\/>Mit der vorliegenden Liste werden im Wesentlichen drei Ziele verfolgt:<br\/>Denkmalpflege-, Naturschutz-, Planungs- und Gr\u00fcnfl\u00e4chen\u00e4mter sollen angeregt werden, historische G\u00e4rten und Anlagen bei ihrer Arbeit zu ber\u00fccksichtigen.<br\/>Sch\u00fctzenswerte Objekte sollen ermittelt und rechtlich gesichert werden.<br\/>Die Liste soll einen gesamtschweizerischen Beitrag zur wissenschaftlichen Erforschung der Geschichte der Schweizer Gartenkultur und der Gartenkunst im Allgemeinen leisten.<br\/>Die ICOMOS-Liste historischer G\u00e4rten und Anlagen der Schweiz, ein ehrgeiziges Grossprojekt an dem mehr als 150 Erfasser mitgearbeitet haben, ist Ende 2013 fertiggestellt worden und <a href=\"https:\/\/www.icomos.ch\/workinggroup\/gartendenkmalpflege\/informationen\/wichtige-informationen\/liste-der-historischen-gaerten-und-anlagen\/\" target=\"_blank\" rel=\"noopener noreferrer\">hier<\/a> abrufbar.<\/p>\n","protected":false},"excerpt":{"rendered":"<p>Aktuelle Projekte<\/p>\n","protected":false},"author":15,"featured_media":0,"parent":255,"menu_order":1,"comment_status":"open","ping_status":"closed","template":"","meta":{"footnotes":""},"tags":[],"class_list":["post-7089","workinggroup","type-workinggroup","status-publish","hentry"],"_links":{"self":[{"href":"https:\/\/www.icomos.ch\/it\/wp-json\/wp\/v2\/workinggroup\/7089","targetHints":{"allow":["GET"]}}],"collection":[{"href":"https:\/\/www.icomos.ch\/it\/wp-json\/wp\/v2\/workinggroup"}],"about":[{"href":"https:\/\/www.icomos.ch\/it\/wp-json\/wp\/v2\/types\/workinggroup"}],"author":[{"embeddable":true,"href":"https:\/\/www.icomos.ch\/it\/wp-json\/wp\/v2\/users\/15"}],"replies":[{"embeddable":true,"href":"https:\/\/www.icomos.ch\/it\/wp-json\/wp\/v2\/comments?post=7089"}],"version-history":[{"count":3,"href":"https:\/\/www.icomos.ch\/it\/wp-json\/wp\/v2\/workinggroup\/7089\/revisions"}],"predecessor-version":[{"id":7955,"href":"https:\/\/www.icomos.ch\/it\/wp-json\/wp\/v2\/workinggroup\/7089\/revisions\/7955"}],"up":[{"embeddable":true,"href":"https:\/\/www.icomos.ch\/it\/wp-json\/wp\/v2\/workinggroup\/255"}],"wp:attachment":[{"href":"https:\/\/www.icomos.ch\/it\/wp-json\/wp\/v2\/media?parent=7089"}],"wp:term":[{"taxonomy":"post_tag","embeddable":true,"href":"https:\/\/www.icomos.ch\/it\/wp-json\/wp\/v2\/tags?post=7089"}],"curies":[{"name":"wp","href":"https:\/\/api.w.org\/{rel}","templated":true}]}}

<h2 class="wp-block-heading">Tagung: Historische Gärten &#8211; Erhalt und Pflege</h2>

<p>Tagung Donnerstag, 14. Juni 2023 in Biel</p>

<p>Der zunehmende Nutzungsdruck auf den Siedlungsraum bedroht viele Gartendenkmäler in ihrer Existenz, besonders wenn sie nicht in ihren Qualitäten verstanden werden. Dies führt zu unsachgemässen Überformungen, falscher Pflege und schlimmstenfalls zum Verlust. Im eintägigen Praxiskurs, organisiert in Kooperation mit Icomos Suisse, lernen Sie, was ein Gartendenkmal ausmacht, erhalten Einblick in Recht und Organisation der Gartendenkmalpflege, in ausgewählte Aspekte der Gartengeschichte sowie in praktische Problemstellungen. In einem Rundgang durch Biel wird der Umgang mit historischen Gärten und Anlagen am praktischen Beispiel besprochen.</p>

<p>Nutzen und Ziele<br/>&#8211; Einen kompakten Einblick in die Aufgaben der Gartendenkmalpflege erhalten<br/>&#8211; Denkmalverdächtige Gärten und Anlagen erkennen<br/>&#8211; Mögliche Handlungsansätze für deren Erhalt und Pflege kennen<br/>&#8211; Beitrag historischer Gärten zur Förderung der Biodiversität kennen</p>

<p><a href="https://www.icomos.ch/wp-content/uploads/2016/04/NGHG-DE_Flyer_historischeGaerten.pdf" target="_blank" rel="noopener noreferrer">Flyer &#8220;Historische Gärten&#8221;</a></p>

<h2 class="wp-block-heading">Tagung: Historische Gärten &#8211; Erhalt und Pflege</h2>

<p>Tagung Donnerstag, 5.9.2019 in Heiden</p>

<p>Der zunehmende Nutzungsdruck auf den Siedlungsraumbedroht viele Gartendenkmäler in ihrer Existenz, besonders wenn sie nicht als solche bekannt sind oder nicht in ihren Qualitäten verstanden werden. Dies führt zu falscher Pflege, unsachgemässen Überformungen und schlimmstenfalls gar zum Verlust. Die Arbeitsgruppe Gartendenkmalpflege von ICOMOS bietet zusammen mit dem VSSG erstmals eine Weiterbildung zu diesem Thema an. Diese richtet sich insbesondere an die für die Grünflächenpflege zuständigen kommunalen Stellen, Mitarbeitende von kommunalen Verwaltungen, die für die Ortsplanungen, Baubewilligungen und den Unterhalt öffentlicher Freiräume zuständig sind.</p>

<h2 class="wp-block-heading">Stellungnahme der Arbeitsgruppe Historische Gärten zu invasiven Neophyten in historischen Gärten</h2>

<p>Die Arbeitsgruppe Gartendenkmalpflege von ICOMOS Suisse begrüsst die aktuellen Anstrengungen zur Zurückdrängung von invasiven Neophythen durch Interessenträger des Naturschutzes. Es muss jedoch festgehalten werden, dass dabei der gesetzliche Erhaltungsauftrag von Gartendenkmälern bisher nicht ausreichend berücksichtigt wurde.<br/>ICOMOS Suisse fordert die Interessenvertreter des Naturschutzes und der Denkmalpflege auf, den Dialog aufzunehmen. Ziel ist, eine gemeinsame Handhabe zum Umgang mit historischen Gärten, insbesondere Inventarobjekten und Schutzobjekten, zu finden.<br/><a href="https://www.icomos.ch/fileadmin/downloads/groups/vgi/2015_Stellungnahme_ICOMOS_Neophyten.pdf" target="_blank" rel="noopener noreferrer">Stellungnahme.pdf</a></p>

<h2 class="wp-block-heading">Buchreihe: Gartenwege der Schweiz</h2>

<p>Die informativen Führer sollen ihre Leserschaft zu unterhaltsamen und interessanten Gartenspaziergängen durch die ganze Schweiz einladen. Nicht nur zu eigentlichen Gärten, sondern auch zu Parks, Promenaden, Stadtplätzen, Gartensiedlungen und dergleichen äussert sich der Gartenführer. Neben Gartenkunstgeschichte, lokalen Eigenheiten und Kuriositäten werden dabei auch Aspekte der Denkmalpflege erläutert.</p>

<p>Band 1: Brigitte Frei-Heitz, Anne Nagel: Landschaftsgärten des 19. Jahrhunderts in Basel und Umgebung, hg. von ICOMOS Suisse, Arbeitsgruppe Gartendenkmalpflege und Johannes Stoffler, Baden: hier &amp; jetzt 2012 (Gartenwege der Schweiz, Bd. 1).<br/><a href="http://www.hierundjetzt.ch/de/catalogue/landschaftsgarten-des-19-jahrhunderts-in-basel-und-umgebung_13000176/" target="_blank" rel="noopener noreferrer">http://www.hierundjetzt.ch/de/catalogue/landschaftsgarten-des-19-jahrhunderts-in-basel-und-umgebung_13000176/</a></p>

<p>Band 2: Brigitte Frei-Heitz, Dorothee Huber, Johannes Stoffler, Mirjam Bucher-Bauer: Siedlungsgärten des 20. Jahrhunderts in Basel und Umgebung, hg. von ICOMOS Suisse, Arbeitsgruppe Gartendenkmalpflege und Mascha Bisping, Baden: hier &amp; jetzt 2013 (Gartenwege der Schweiz, Bd. 2).<br/><a href="http://www.hierundjetzt.ch/de/catalogue/siedlungsgarten-des-20-jahrhunderts-in-basel-und-umgebung_13000135/" target="_blank" rel="noopener noreferrer">http://www.hierundjetzt.ch/de/catalogue/siedlungsgarten-des-20-jahrhunderts-in-basel-und-umgebung_13000135/</a></p>

<p>Band 3: Roman Häne, Meinrad Gschwend, Mariann Künzi: Bauerngärten zwischen Säntis und Bodensee, hg. v. ICOMOS Suisse, Arbeitsgruppe Gartendenkmalpflege. Baden: Hier und Jetzt, 2015 (Gartenwege der Schweiz, Bd. 3).<br/><a href="http://www.hierundjetzt.ch/de/catalogue/bauerngarten-zwischen-santis-und-bodensee_14000024/">http://www.hierundjetzt.ch/de/catalogue/bauerngarten-zwischen-santis-und-bodensee_14000024/</a></p>

<p>Band 4: Peter Paul Stöckli, Bernhard Kaegi: Schlossgärten zwischen Aare und Seetal. Ausflüge in den Alten Aargau, hg. v. ICOMOS Suisse, Arbeitsgruppe Gartendenkmalpflege. Baden: Hier und Jetzt, 2016 (Gartenwege der Schweiz, Bd. 4).<br/><a href="http://www.hierundjetzt.ch/de/catalogue/schlossgarten-zwischen-aare-und-seetal_15000072/">http://www.hierundjetzt.ch/de/catalogue/schlossgarten-zwischen-aare-und-seetal_15000072/</a></p>

<h2 class="wp-block-heading">Leitfaden für Behörden und Fachleute &#8211; Gartendenkmäler in der Planung</h2>

<p>Die von ICOMOS Suisse erstellte <i>Liste historischer Gärten und Anlagen der Schweiz </i>hat keine Rechtsverbindlichkeit. Sie gibt jedoch einen Überblick über die potentiell schutzwürdigen Gärten in der Schweiz und dient als Grundlage für vertiefende Inventare und Schutzmassnahmen. Eine fachliche und rechtliche Klärung der Schutzwürdigkeit historischer Gärten und Anlagen liegt im Interesse aller Beteiligten. Sie gewährleistet Rechtssicherheit und ermöglicht den gezielten Einsatz von personellen und finanziellen Ressourcen.</p>

<p>ICOMOS Suisse und das Bundesamt für Kultur haben deshalb den Leitfaden <i>Gartendenkmäler in der Planung</i> erstellt. Dieser zeigt auf, wie in der Schweiz schützenswerte Gärten aufgrund der <i>Liste der historischen Gärten und Anlagen</i> ermittelt und mit angemessenem Aufwand rechtlich geschützt werden können. Der vorliegende Leitfaden richtet sich nicht nur an die öffentliche Hand, sondern auch an private Büros aus den Fachbereichen Raumplanung, Landschaftsplanung und Denkmalpflege, welche die Gemeinden und Kantone oft in solchen Fragen begleiten.<br/><a title="TEXT, Icomos-de web ES, Icomos-de_web_ES.pdf, 4.3 MB" href="https://www.icomos.ch/fileadmin/downloads/groups/gardens/Icomos-de_web_ES.pdf">Leitfaden deutsch (A4)</a> / <a href="https://www.icomos.ch/fileadmin/downloads/groups/gardens/Icomos-de_web_DS.pdf" target="_blank" rel="noopener noreferrer">(A3)</a><br/><a title="TEXT, Icomos-fr web ES, Icomos-fr_web_ES.pdf, 4.4 MB" href="https://www.icomos.ch/fileadmin/downloads/groups/gardens/Icomos-fr_web_ES.pdf">Leitfaden französisch (A4)</a> / <a href="https://www.icomos.ch/fileadmin/downloads/groups/gardens/Icomos-fr_web_DS.pdf" target="_blank" rel="noopener noreferrer">(A3)</a><br/><a title="TEXT, Icomos-it web ES, Icomos-it_web_ES.pdf, 4.4 MB" href="https://www.icomos.ch/fileadmin/downloads/groups/gardens/Icomos-it_web_ES.pdf">Leitfaden italienisch (A4)</a> / <a href="https://www.icomos.ch/fileadmin/downloads/groups/gardens/Icomos-it_web_DS.pdf" target="_blank" rel="noopener noreferrer">(A3)</a></p>

<p><i>Hinweis:</i> Der Leitfaden in Papierform kann in deutsch, französisch oder italienisch gegen ein frankiertes Rückantwortcouvert bei folgender Adresse bestellt werden: ICOMOS Arbeitsgruppe Gartendenkmalpflege, c/o Ignaz Sieber, Bachwiesenstrasse 144, 8047 Zürich.</p>

<h2 class="wp-block-heading">ICOMOS &#8211; Liste historischer Gärten und Anlagen der Schweiz</h2>

<p>Die Arbeitsgruppe &#8220;Gartendenkmalpflege&#8221; des ICOMOS hatte sich 1992 zum Ziel gesetzt, gemeinsam mit verwandten Organisationen eine Liste historischer Gärten und Anlagen zu erstellen. Begutachtet wurden in der Schweiz alle Freiräume, die vor 1960 mit baulichen oder pflanzlichen Mitteln gestaltet wurden, z.B. Garten- und Parkanlagen, Alleen, Plätze, Friedhöfe, Sport-, Spiel- und Schulanlagen. Die Objekte wurden nach folgenden Hauptkriterien beurteilt:<br/>Wertvolle historische Substanz z.B. Pflanzen, Wege, Pavillons, Geländemodellierung<br/>Geschichtliche Bedeutung, z.B. Parkanlage um eine für den Ort bedeutende Industrieanlage<br/>Untrennbare Zugehörigkeit zu einem bedeutenden Gebäude.<br/>Mit der vorliegenden Liste werden im Wesentlichen drei Ziele verfolgt:<br/>Denkmalpflege-, Naturschutz-, Planungs- und Grünflächenämter sollen angeregt werden, historische Gärten und Anlagen bei ihrer Arbeit zu berücksichtigen.<br/>Schützenswerte Objekte sollen ermittelt und rechtlich gesichert werden.<br/>Die Liste soll einen gesamtschweizerischen Beitrag zur wissenschaftlichen Erforschung der Geschichte der Schweizer Gartenkultur und der Gartenkunst im Allgemeinen leisten.<br/>Die ICOMOS-Liste historischer Gärten und Anlagen der Schweiz, ein ehrgeiziges Grossprojekt an dem mehr als 150 Erfasser mitgearbeitet haben, ist Ende 2013 fertiggestellt worden und <a href="https://www.icomos.ch/workinggroup/gartendenkmalpflege/informationen/wichtige-informationen/liste-der-historischen-gaerten-und-anlagen/" target="_blank" rel="noopener noreferrer">hier</a> abrufbar.</p>
